CRAN Package Check Results for Package adwordsR

Last updated on 2022-10-03 18:52:01 CEST.

Flavor Version Tinstall Tcheck Ttotal Status Flags
r-devel-linux-x86_64-debian-clang 0.3.1 2.35 26.01 28.36 NOTE
r-devel-linux-x86_64-debian-gcc 0.3.1 1.95 20.12 22.07 NOTE
r-devel-linux-x86_64-fedora-clang 0.3.1 49.61 NOTE
r-devel-linux-x86_64-fedora-gcc 0.3.1 44.98 NOTE
r-devel-windows-x86_64 0.3.1 40.00 56.00 96.00 NOTE
r-patched-linux-x86_64 0.3.1 2.58 24.18 26.76 NOTE
r-release-linux-x86_64 0.3.1 1.91 24.18 26.09 NOTE
r-release-macos-arm64 0.3.1 17.00 NOTE
r-release-macos-x86_64 0.3.1 21.00 NOTE
r-release-windows-x86_64 0.3.1 48.00 55.00 103.00 NOTE
r-oldrel-macos-arm64 0.3.1 23.00 NOTE
r-oldrel-macos-x86_64 0.3.1 31.00 NOTE
r-oldrel-windows-ix86+x86_64 0.3.1 6.00 40.00 46.00 NOTE

Check Details

Version: 0.3.1
Check: LazyData
Result: NOTE
     'LazyData' is specified without a 'data' directory
Flavors: r-devel-linux-x86_64-debian-clang, r-devel-linux-x86_64-debian-gcc, r-devel-linux-x86_64-fedora-clang, r-devel-linux-x86_64-fedora-gcc, r-devel-windows-x86_64, r-patched-linux-x86_64, r-release-linux-x86_64, r-release-macos-arm64, r-release-macos-x86_64, r-release-windows-x86_64, r-oldrel-macos-arm64, r-oldrel-macos-x86_64, r-oldrel-windows-ix86+x86_64