CRAN Package Check Results for Package adventr

Last updated on 2020-11-01 01:47:15 CET.

Flavor Version Tinstall Tcheck Ttotal Status Flags
r-devel-linux-x86_64-debian-clang 0.1.8 4.93 35.45 40.38 OK
r-devel-linux-x86_64-debian-gcc 0.1.8 3.93 28.25 32.18 OK
r-devel-linux-x86_64-fedora-clang 0.1.8 56.32 NOTE
r-devel-linux-x86_64-fedora-gcc 0.1.8 48.18 NOTE
r-devel-windows-ix86+x86_64 0.1.8 17.00 60.00 77.00 NOTE
r-patched-linux-x86_64 0.1.8 4.58 34.33 38.91 OK
r-patched-solaris-x86 0.1.8 71.90 NOTE
r-release-linux-x86_64 0.1.8 4.59 34.07 38.66 OK
r-release-macos-x86_64 0.1.8 NOTE
r-release-windows-ix86+x86_64 0.1.8 10.00 42.00 52.00 NOTE
r-oldrel-macos-x86_64 0.1.8 NOTE
r-oldrel-windows-ix86+x86_64 0.1.8 8.00 44.00 52.00 NOTE

Check Details

Version: 0.1.8
Check: installed package size
Result: NOTE
     installed size is 5.8Mb
     sub-directories of 1Mb or more:
     tutorials 5.6Mb
Flavors: r-devel-linux-x86_64-fedora-clang, r-devel-windows-ix86+x86_64, r-patched-solaris-x86, r-release-macos-x86_64, r-release-windows-ix86+x86_64, r-oldrel-macos-x86_64, r-oldrel-windows-ix86+x86_64

Version: 0.1.8
Check: dependencies in R code
Result: NOTE
    Namespaces in Imports field not imported from:
     ‘BayesFactor’ ‘GGally’ ‘Hmisc’ ‘WRS2’ ‘boot’ ‘car’ ‘dplyr’ ‘effects’
     ‘effsize’ ‘forcats’ ‘ggplot2’ ‘lm.beta’ ‘nlme’ ‘readr’ ‘robust’
     ‘sandwich’ ‘sjstats’ ‘tidyr’
     All declared Imports should be used.
Flavors: r-devel-linux-x86_64-fedora-clang, r-devel-linux-x86_64-fedora-gcc, r-patched-solaris-x86, r-release-macos-x86_64, r-oldrel-macos-x86_64