Last updated on 2022-06-25 12:54:16 CEST.
Flavor | Version | Tinstall | Tcheck | Ttotal | Status | Flags |
---|---|---|---|---|---|---|
r-devel-linux-x86_64-debian-clang | 0.1.8 | 6.17 | 41.90 | 48.07 | OK | |
r-devel-linux-x86_64-debian-gcc | 0.1.8 | 4.83 | 33.02 | 37.85 | OK | |
r-devel-linux-x86_64-fedora-clang | 0.1.8 | 68.02 | WARN | |||
r-devel-linux-x86_64-fedora-gcc | 0.1.8 | 66.85 | WARN | |||
r-devel-windows-x86_64 | 0.1.8 | 173.00 | 158.00 | 331.00 | NOTE | |
r-patched-linux-x86_64 | 0.1.8 | 5.43 | 41.19 | 46.62 | OK | |
r-release-linux-x86_64 | 0.1.8 | 5.77 | 41.60 | 47.37 | OK | |
r-release-macos-arm64 | 0.1.8 | 23.00 | NOTE | |||
r-release-macos-x86_64 | 0.1.8 | 45.00 | NOTE | |||
r-release-windows-x86_64 | 0.1.8 | 151.00 | 80.00 | 231.00 | NOTE | |
r-oldrel-macos-arm64 | 0.1.8 | 36.00 | NOTE | |||
r-oldrel-macos-x86_64 | 0.1.8 | 39.00 | NOTE | |||
r-oldrel-windows-ix86+x86_64 | 0.1.8 | 17.00 | 67.00 | 84.00 | NOTE |
Version: 0.1.8
Check: package dependencies
Result: WARN
Requires (indirectly) orphaned package: ‘gtools’
Flavors: r-devel-linux-x86_64-fedora-clang, r-devel-linux-x86_64-fedora-gcc
Version: 0.1.8
Check: installed package size
Result: NOTE
installed size is 5.8Mb
sub-directories of 1Mb or more:
tutorials 5.6Mb
Flavors: r-devel-linux-x86_64-fedora-clang, r-devel-windows-x86_64, r-release-macos-arm64, r-release-macos-x86_64, r-release-windows-x86_64, r-oldrel-macos-arm64, r-oldrel-macos-x86_64, r-oldrel-windows-ix86+x86_64
Version: 0.1.8
Check: dependencies in R code
Result: NOTE
Namespaces in Imports field not imported from:
‘BayesFactor’ ‘GGally’ ‘Hmisc’ ‘WRS2’ ‘boot’ ‘car’ ‘dplyr’ ‘effects’
‘effsize’ ‘forcats’ ‘ggplot2’ ‘lm.beta’ ‘nlme’ ‘readr’ ‘robust’
‘sandwich’ ‘sjstats’ ‘tidyr’
All declared Imports should be used.
Flavors: r-devel-linux-x86_64-fedora-clang, r-devel-linux-x86_64-fedora-gcc, r-release-macos-arm64, r-release-macos-x86_64, r-oldrel-macos-arm64, r-oldrel-macos-x86_64