CRAN Package Check Results for Package adiv

Last updated on 2024-06-13 06:57:53 CEST.

Flavor Version Tinstall Tcheck Ttotal Status Flags
r-devel-linux-x86_64-debian-clang 2.2.1 40.28 244.40 284.68 OK
r-devel-linux-x86_64-debian-gcc 2.2.1 0.53 1.62 2.15 ERROR
r-devel-linux-x86_64-fedora-clang 2.2.1 352.54 OK
r-devel-linux-x86_64-fedora-gcc 2.2.1 325.59 OK
r-devel-windows-x86_64 2.2.1 30.00 184.00 214.00 OK
r-patched-linux-x86_64 2.2.1 25.76 229.61 255.37 OK
r-release-linux-x86_64 2.2.1 24.89 229.64 254.53 OK
r-release-macos-arm64 2.2.1 82.00 OK
r-release-macos-x86_64 2.2.1 126.00 OK
r-release-windows-x86_64 2.2.1 31.00 186.00 217.00 OK
r-oldrel-macos-arm64 2.2.1 84.00 OK
r-oldrel-macos-x86_64 2.2.1 247.00 OK
r-oldrel-windows-x86_64 2.2.1 42.00 243.00 285.00 OK

Check Details

Version: 2.2.1
Check: package dependencies
Result: ERROR Packages required but not available: 'phylobase', 'phytools' See section ‘The DESCRIPTION file’ in the ‘Writing R Extensions’ manual. Flavor: r-devel-linux-x86_64-debian-gcc