CRAN Package Check Results for Package adephylo

Last updated on 2022-09-28 06:54:00 CEST.

Flavor Version Tinstall Tcheck Ttotal Status Flags
r-devel-linux-x86_64-debian-clang 1.1-11 22.23 191.75 213.98 NOTE
r-devel-linux-x86_64-debian-gcc 1.1-11 17.37 142.79 160.16 NOTE
r-devel-linux-x86_64-fedora-clang 1.1-11 277.73 WARN
r-devel-linux-x86_64-fedora-gcc 1.1-11 271.69 NOTE
r-devel-windows-x86_64 1.1-11 48.00 230.00 278.00 NOTE
r-patched-linux-x86_64 1.1-11 26.09 176.84 202.93 OK
r-release-linux-x86_64 1.1-11 17.25 180.46 197.71 OK
r-release-macos-arm64 1.1-11 72.00 OK
r-release-macos-x86_64 1.1-11 132.00 OK
r-release-windows-x86_64 1.1-11 43.00 234.00 277.00 OK
r-oldrel-macos-arm64 1.1-11 105.00 OK
r-oldrel-macos-x86_64 1.1-11 187.00 OK
r-oldrel-windows-ix86+x86_64 1.1-11 57.00 279.00 336.00 OK

Additional issues

clang15 clang15

Check Details

Version: 1.1-11
Check: Rd files
Result: NOTE
    checkRd: (-1) orthobasis.Rd:106: Escaped LaTeX specials: \&
    checkRd: (-1) orthobasis.Rd:110: Escaped LaTeX specials: \&
    checkRd: (-1) treePart.Rd:33: Escaped LaTeX specials: \$
Flavors: r-devel-linux-x86_64-debian-clang, r-devel-linux-x86_64-debian-gcc, r-devel-linux-x86_64-fedora-clang, r-devel-linux-x86_64-fedora-gcc, r-devel-windows-x86_64

Version: 1.1-11
Check: whether package can be installed
Result: WARN
    Found the following significant warnings:
     phylog.c:42:9: warning: invalid UTF-8 in comment [-Winvalid-utf8]
     phylog.c:65:43: warning: invalid UTF-8 in comment [-Winvalid-utf8]
     phylog.c:65:57: warning: invalid UTF-8 in comment [-Winvalid-utf8]
     phylog.c:83:13: warning: invalid UTF-8 in comment [-Winvalid-utf8]
     phylog.c:100:11: warning: invalid UTF-8 in comment [-Winvalid-utf8]
     phylog.c:100:20: warning: invalid UTF-8 in comment [-Winvalid-utf8]
     phylog.c:116:85: warning: invalid UTF-8 in comment [-Winvalid-utf8]
     phylog.c:117:37: warning: invalid UTF-8 in comment [-Winvalid-utf8]
     phylog.c:118:22: warning: invalid UTF-8 in comment [-Winvalid-utf8]
     phylog.c:119:17: warning: invalid UTF-8 in comment [-Winvalid-utf8]
     phylog.c:120:36: warning: invalid UTF-8 in comment [-Winvalid-utf8]
     phylog.c:120:51: warning: invalid UTF-8 in comment [-Winvalid-utf8]
     phylog.c:120:73: warning: invalid UTF-8 in comment [-Winvalid-utf8]
     phylog.c:120:75: warning: invalid UTF-8 in comment [-Winvalid-utf8]
     phylog.c:121:12: warning: invalid UTF-8 in comment [-Winvalid-utf8]
     phylog.c:122:38: warning: invalid UTF-8 in comment [-Winvalid-utf8]
     phylog.c:124:53: warning: invalid UTF-8 in comment [-Winvalid-utf8]
     phylog.c:125:53: warning: invalid UTF-8 in comment [-Winvalid-utf8]
     phylog.c:127:11: warning: invalid UTF-8 in comment [-Winvalid-utf8]
     phylog.c:127:38: warning: invalid UTF-8 in comment [-Winvalid-utf8]
     phylog.c:154:9: warning: invalid UTF-8 in comment [-Winvalid-utf8]
     phylog.c:165:35: warning: invalid UTF-8 in comment [-Winvalid-utf8]
     phylog.c:174:49: warning: invalid UTF-8 in comment [-Winvalid-utf8]
     phylog.c:174:72: warning: invalid UTF-8 in comment [-Winvalid-utf8]
     phylog.c:253:43: warning: invalid UTF-8 in comment [-Winvalid-utf8]
     phylog.c:253:51: warning: invalid UTF-8 in comment [-Winvalid-utf8]
     phylog.c:253:57: warning: invalid UTF-8 in comment [-Winvalid-utf8]
     phylog.c:254:50: warning: invalid UTF-8 in comment [-Winvalid-utf8]
     phylog.c:254:59: warning: invalid UTF-8 in comment [-Winvalid-utf8]
     phylog.c:254:65: warning: invalid UTF-8 in comment [-Winvalid-utf8]
     phylog.c:295:85: warning: invalid UTF-8 in comment [-Winvalid-utf8]
     phylog.c:296:37: warning: invalid UTF-8 in comment [-Winvalid-utf8]
     phylog.c:297:22: warning: invalid UTF-8 in comment [-Winvalid-utf8]
     phylog.c:298:17: warning: invalid UTF-8 in comment [-Winvalid-utf8]
     phylog.c:299:36: warning: invalid UTF-8 in comment [-Winvalid-utf8]
     phylog.c:299:51: warning: invalid UTF-8 in comment [-Winvalid-utf8]
     phylog.c:299:73: warning: invalid UTF-8 in comment [-Winvalid-utf8]
     phylog.c:299:75: warning: invalid UTF-8 in comment [-Winvalid-utf8]
     phylog.c:300:12: warning: invalid UTF-8 in comment [-Winvalid-utf8]
     phylog.c:301:38: warning: invalid UTF-8 in comment [-Winvalid-utf8]
     phylog.c:303:53: warning: invalid UTF-8 in comment [-Winvalid-utf8]
     phylog.c:304:53: warning: invalid UTF-8 in comment [-Winvalid-utf8]
     phylog.c:306:11: warning: invalid UTF-8 in comment [-Winvalid-utf8]
     phylog.c:306:38: warning: invalid UTF-8 in comment [-Winvalid-utf8]
     phylog.c:332:9: warning: invalid UTF-8 in comment [-Winvalid-utf8]
     phylog.c:350:35: warning: invalid UTF-8 in comment [-Winvalid-utf8]
     phylog.c:363:49: warning: invalid UTF-8 in comment [-Winvalid-utf8]
     phylog.c:363:72: warning: invalid UTF-8 in comment [-Winvalid-utf8]
     phylog.c:444:43: warning: invalid UTF-8 in comment [-Winvalid-utf8]
     phylog.c:444:51: warning: invalid UTF-8 in comment [-Winvalid-utf8]
     phylog.c:444:57: warning: invalid UTF-8 in comment [-Winvalid-utf8]
     phylog.c:445:50: warning: invalid UTF-8 in comment [-Winvalid-utf8]
     phylog.c:445:59: warning: invalid UTF-8 in comment [-Winvalid-utf8]
     phylog.c:445:65: warning: invalid UTF-8 in comment [-Winvalid-utf8]
Flavor: r-devel-linux-x86_64-fedora-clang