CRAN Package Check Results for Package adegenet

Last updated on 2020-09-20 07:51:20 CEST.

Flavor Version Tinstall Tcheck Ttotal Status Flags
r-devel-linux-x86_64-debian-clang 2.1.3 40.75 247.67 288.42 OK
r-devel-linux-x86_64-debian-gcc 2.1.3 29.25 188.69 217.94 OK
r-devel-linux-x86_64-fedora-clang 2.1.3 386.66 NOTE
r-devel-linux-x86_64-fedora-gcc 2.1.3 373.93 OK
r-devel-windows-ix86+x86_64 2.1.3 86.00 356.00 442.00 OK
r-patched-linux-x86_64 2.1.3 36.03 239.63 275.66 OK
r-patched-solaris-x86 2.1.3 502.30 NOTE
r-release-linux-x86_64 2.1.3 43.76 240.13 283.89 OK
r-release-macos-x86_64 2.1.3 OK
r-release-windows-ix86+x86_64 2.1.3 80.00 421.00 501.00 OK
r-oldrel-macos-x86_64 2.1.3 NOTE
r-oldrel-windows-ix86+x86_64 2.1.3 56.00 350.00 406.00 OK

Check Details

Version: 2.1.3
Check: installed package size
Result: NOTE
     installed size is 5.0Mb
     sub-directories of 1Mb or more:
     R 1.3Mb
     data 1.3Mb
     files 1.7Mb
Flavors: r-devel-linux-x86_64-fedora-clang, r-patched-solaris-x86, r-oldrel-macos-x86_64