CRAN Package Check Results for Package adegenet

Last updated on 2024-05-27 12:51:20 CEST.

Flavor Version Tinstall Tcheck Ttotal Status Flags
r-devel-linux-x86_64-debian-clang 2.1.10 32.80 234.93 267.73 OK
r-devel-linux-x86_64-debian-gcc 2.1.10 25.33 169.40 194.73 OK
r-devel-linux-x86_64-fedora-clang 2.1.10 346.51 OK
r-devel-linux-x86_64-fedora-gcc 2.1.10 334.07 OK
r-devel-windows-x86_64 2.1.10 34.00 198.00 232.00 OK
r-patched-linux-x86_64 2.1.10 40.87 216.22 257.09 OK
r-release-linux-x86_64 2.1.10 28.12 222.65 250.77 OK
r-release-macos-arm64 2.1.10 86.00 OK
r-release-windows-x86_64 2.1.10 34.00 201.00 235.00 OK
r-oldrel-macos-arm64 2.1.10 93.00 NOTE
r-oldrel-macos-x86_64 2.1.10 150.00 NOTE
r-oldrel-windows-x86_64 2.1.10 44.00 259.00 303.00 OK

Check Details

Version: 2.1.10
Check: installed package size
Result: NOTE installed size is 5.8Mb sub-directories of 1Mb or more: R 2.0Mb data 1.3Mb files 1.7Mb Flavors: r-oldrel-macos-arm64, r-oldrel-macos-x86_64

Version: 2.1.10
Check: package dependencies
Result: NOTE Packages suggested but not available for checking: 'adespatial', 'hierfstat', 'spdep', 'poppr' Flavor: r-oldrel-macos-x86_64

Version: 2.1.10
Check: Rd cross-references
Result: NOTE Package unavailable to check Rd xrefs: ‘spdep’ Flavor: r-oldrel-macos-x86_64