Last updated on 2022-08-13 07:11:28 CEST.
Flavor | Version | Tinstall | Tcheck | Ttotal | Status | Flags |
---|---|---|---|---|---|---|
r-devel-linux-x86_64-debian-clang | 2.1.7 | 30.65 | 257.53 | 288.18 | NOTE | |
r-devel-linux-x86_64-debian-gcc | 2.1.7 | 26.26 | 188.82 | 215.08 | NOTE | |
r-devel-linux-x86_64-fedora-clang | 2.1.7 | 366.24 | NOTE | |||
r-devel-linux-x86_64-fedora-gcc | 2.1.7 | 372.25 | NOTE | |||
r-devel-windows-x86_64 | 2.1.7 | 177.00 | 289.00 | 466.00 | NOTE | |
r-patched-linux-x86_64 | 2.1.7 | 41.62 | 235.12 | 276.74 | OK | |
r-release-linux-x86_64 | 2.1.7 | 31.31 | 234.29 | 265.60 | OK | |
r-release-macos-arm64 | 2.1.7 | 92.00 | NOTE | |||
r-release-macos-x86_64 | 2.1.7 | 120.00 | OK | |||
r-release-windows-x86_64 | 2.1.7 | 187.00 | 287.00 | 474.00 | OK | |
r-oldrel-macos-arm64 | 2.1.7 | 80.00 | NOTE | |||
r-oldrel-macos-x86_64 | 2.1.7 | 121.00 | OK | |||
r-oldrel-windows-ix86+x86_64 | 2.1.7 | 69.00 | 386.00 | 455.00 | OK |
Version: 2.1.7
Check: Rd files
Result: NOTE
checkRd: (-1) HWE.Rd:22: Escaped LaTeX specials: \$
checkRd: (-1) accessors.Rd:79: Escaped LaTeX specials: \$ \$
checkRd: (-1) dist.genpop.Rd:91: Escaped LaTeX specials: \~
checkRd: (-1) genind.Rd:20: Escaped LaTeX specials: \$
checkRd: (-1) genpop.Rd:20: Escaped LaTeX specials: \$
checkRd: (-1) hybridize.Rd:39: Escaped LaTeX specials: \_
checkRd: (-1) selpopsize.Rd:20: Escaped LaTeX specials: \$
checkRd: (-1) seploc.Rd:47: Escaped LaTeX specials: \$
checkRd: (-1) spca.Rd:113: Escaped LaTeX specials: \$ \$
checkRd: (-1) truenames.Rd:28: Escaped LaTeX specials: \$ \$
checkRd: (-1) truenames.Rd:31: Escaped LaTeX specials: \$ \$
checkRd: (-1) truenames.Rd:32: Escaped LaTeX specials: \$
Flavors: r-devel-linux-x86_64-debian-clang, r-devel-linux-x86_64-debian-gcc, r-devel-linux-x86_64-fedora-clang, r-devel-linux-x86_64-fedora-gcc, r-devel-windows-x86_64
Version: 2.1.7
Check: installed package size
Result: NOTE
installed size is 5.8Mb
sub-directories of 1Mb or more:
R 2.0Mb
data 1.3Mb
files 1.7Mb
Flavors: r-release-macos-arm64, r-oldrel-macos-arm64