CRAN Package Check Results for Package addinslist

Last updated on 2022-08-15 19:51:11 CEST.

Flavor Version Tinstall Tcheck Ttotal Status Flags
r-devel-linux-x86_64-debian-clang 0.4.0 4.11 39.11 43.22 NOTE
r-devel-linux-x86_64-debian-gcc 0.4.0 3.45 29.94 33.39 NOTE
r-devel-linux-x86_64-fedora-clang 0.4.0 64.83 NOTE
r-devel-linux-x86_64-fedora-gcc 0.4.0 60.72 NOTE
r-devel-windows-x86_64 0.4.0 8.00 67.00 75.00 NOTE
r-patched-linux-x86_64 0.4.0 3.75 36.85 40.60 NOTE
r-release-linux-x86_64 0.4.0 4.37 38.00 42.37 NOTE
r-release-macos-arm64 0.4.0 20.00 NOTE
r-release-macos-x86_64 0.4.0 27.00 NOTE
r-release-windows-x86_64 0.4.0 22.00 71.00 93.00 NOTE
r-oldrel-macos-arm64 0.4.0 23.00 NOTE
r-oldrel-macos-x86_64 0.4.0 37.00 NOTE
r-oldrel-windows-ix86+x86_64 0.4.0 13.00 67.00 80.00 NOTE

Check Details

Version: 0.4.0
Check: LazyData
Result: NOTE
     'LazyData' is specified without a 'data' directory
Flavors: r-devel-linux-x86_64-debian-clang, r-devel-linux-x86_64-debian-gcc, r-devel-linux-x86_64-fedora-clang, r-devel-linux-x86_64-fedora-gcc, r-devel-windows-x86_64, r-patched-linux-x86_64, r-release-linux-x86_64, r-release-macos-arm64, r-release-macos-x86_64, r-release-windows-x86_64, r-oldrel-macos-arm64, r-oldrel-macos-x86_64, r-oldrel-windows-ix86+x86_64