CRAN Package Check Results for Package add2ggplot

Last updated on 2024-06-21 12:56:12 CEST.

Flavor Version Tinstall Tcheck Ttotal Status Flags
r-devel-linux-x86_64-debian-clang 0.3.0 5.42 59.58 65.00 NOTE
r-devel-linux-x86_64-debian-gcc 0.3.0 4.73 44.91 49.64 NOTE
r-devel-linux-x86_64-fedora-clang 0.3.0 85.06 NOTE
r-devel-linux-x86_64-fedora-gcc 0.3.0 91.17 NOTE
r-devel-windows-x86_64 0.3.0 7.00 64.00 71.00 NOTE
r-patched-linux-x86_64 0.3.0 5.61 56.48 62.09 NOTE
r-release-linux-x86_64 0.3.0 5.92 56.98 62.90 NOTE
r-release-macos-arm64 0.3.0 33.00 NOTE
r-release-macos-x86_64 0.3.0 50.00 NOTE
r-release-windows-x86_64 0.3.0 7.00 64.00 71.00 NOTE
r-oldrel-macos-arm64 0.3.0 35.00 NOTE
r-oldrel-macos-x86_64 0.3.0 53.00 NOTE
r-oldrel-windows-x86_64 0.3.0 8.00 72.00 80.00 NOTE

Check Details

Version: 0.3.0
Check: LazyData
Result: NOTE 'LazyData' is specified without a 'data' directory Flavors: r-devel-linux-x86_64-debian-clang, r-devel-linux-x86_64-debian-gcc, r-devel-linux-x86_64-fedora-clang, r-devel-linux-x86_64-fedora-gcc, r-devel-windows-x86_64, r-patched-linux-x86_64, r-release-linux-x86_64, r-release-macos-arm64, r-release-macos-x86_64, r-release-windows-x86_64, r-oldrel-macos-arm64, r-oldrel-macos-x86_64, r-oldrel-windows-x86_64