CRAN Package Check Results for Package acs

Last updated on 2020-08-05 13:49:11 CEST.

Flavor Version Tinstall Tcheck Ttotal Status Flags
r-devel-linux-x86_64-debian-clang 2.1.4 9.16 50.28 59.44 OK
r-devel-linux-x86_64-debian-gcc 2.1.4 6.92 38.24 45.16 OK
r-devel-linux-x86_64-fedora-clang 2.1.4 79.56 NOTE
r-devel-linux-x86_64-fedora-gcc 2.1.4 69.97 NOTE
r-devel-windows-ix86+x86_64 2.1.4 26.00 61.00 87.00 OK
r-patched-linux-x86_64 2.1.4 9.66 49.97 59.63 OK
r-patched-solaris-x86 2.1.4 105.80 OK
r-release-linux-x86_64 2.1.4 8.43 49.41 57.84 OK
r-release-macos-x86_64 2.1.4 OK
r-release-windows-ix86+x86_64 2.1.4 24.00 87.00 111.00 OK
r-oldrel-macos-x86_64 2.1.4 OK
r-oldrel-windows-ix86+x86_64 2.1.4 14.00 80.00 94.00 OK

Check Details

Version: 2.1.4
Check: top-level files
Result: NOTE
    ‘configure’: /bin/bash is not portable
Flavors: r-devel-linux-x86_64-fedora-clang, r-devel-linux-x86_64-fedora-gcc