CRAN Package Check Results for Package acebayes

Last updated on 2022-11-27 06:52:50 CET.

Flavor Version Tinstall Tcheck Ttotal Status Flags
r-devel-linux-x86_64-debian-clang 1.10 45.10 85.97 131.07 OK
r-devel-linux-x86_64-debian-gcc 1.10 27.84 50.34 78.18 OK
r-devel-linux-x86_64-fedora-clang 1.10 155.37 OK
r-devel-linux-x86_64-fedora-gcc 1.10 133.23 OK
r-devel-windows-x86_64 1.10 72.00 117.00 189.00 OK
r-patched-linux-x86_64 1.10 30.16 61.06 91.22 OK
r-release-linux-x86_64 1.10 27.76 62.09 89.85 OK
r-release-macos-arm64 1.10 39.00 OK
r-release-macos-x86_64 1.10 51.00 OK
r-release-windows-x86_64 1.10 45.00 117.00 162.00 OK
r-oldrel-macos-arm64 1.10 45.00 NOTE
r-oldrel-macos-x86_64 1.10 72.00 OK
r-oldrel-windows-ix86+x86_64 1.10 74.00 128.00 202.00 OK

Check Details

Version: 1.10
Check: installed package size
Result: NOTE
     installed size is 5.1Mb
     sub-directories of 1Mb or more:
     R 1.4Mb
     libs 3.5Mb
Flavor: r-oldrel-macos-arm64