Last updated on 2023-12-09 12:49:13 CET.
Flavor | Version | Tinstall | Tcheck | Ttotal | Status | Flags |
---|---|---|---|---|---|---|
r-devel-linux-x86_64-debian-clang | 1.10 | 38.68 | 87.96 | 126.64 | NOTE | |
r-devel-linux-x86_64-debian-gcc | 1.10 | 25.99 | 48.83 | 74.82 | NOTE | |
r-devel-linux-x86_64-fedora-clang | 1.10 | 149.45 | NOTE | |||
r-devel-linux-x86_64-fedora-gcc | 1.10 | 127.22 | NOTE | |||
r-devel-windows-x86_64 | 1.10 | 30.00 | 94.00 | 124.00 | NOTE | |
r-patched-linux-x86_64 | 1.10 | 28.60 | 63.97 | 92.57 | NOTE | |
r-release-linux-x86_64 | 1.10 | 29.98 | 62.83 | 92.81 | NOTE | |
r-release-macos-arm64 | 1.10 | 41.00 | NOTE | |||
r-release-macos-x86_64 | 1.10 | 65.00 | NOTE | |||
r-release-windows-x86_64 | 1.10 | 38.00 | 105.00 | 143.00 | NOTE | |
r-oldrel-macos-arm64 | 1.10 | 39.00 | OK | |||
r-oldrel-macos-x86_64 | 1.10 | 51.00 | OK | |||
r-oldrel-windows-x86_64 | 1.10 | 36.00 | 103.00 | 139.00 | OK |
Version: 1.10
Check: C++ specification
Result: NOTE
Specified C++11: please drop specification unless essential
Flavors: r-devel-linux-x86_64-debian-clang, r-devel-linux-x86_64-debian-gcc, r-devel-linux-x86_64-fedora-clang, r-devel-linux-x86_64-fedora-gcc, r-devel-windows-x86_64, r-patched-linux-x86_64, r-release-linux-x86_64, r-release-macos-arm64, r-release-macos-x86_64, r-release-windows-x86_64
Version: 1.10
Check: Rd files
Result: NOTE
checkRd: (-1) overstallwoods.Rd:184-185: Lost braces in \itemize; \value handles \item{}{} directly
checkRd: (-1) overstallwoods.Rd:186-187: Lost braces in \itemize; \value handles \item{}{} directly
checkRd: (-1) overstallwoods.Rd:188-189: Lost braces in \itemize; \value handles \item{}{} directly
checkRd: (-1) overstallwoods.Rd:190-191: Lost braces in \itemize; \value handles \item{}{} directly
Flavors: r-devel-linux-x86_64-debian-clang, r-devel-linux-x86_64-debian-gcc