CRAN Package Check Results for Package aceEditor

Last updated on 2025-01-13 18:49:13 CET.

Flavor Version Tinstall Tcheck Ttotal Status Flags
r-devel-linux-x86_64-debian-clang 1.0.1 3.14 24.15 27.29 OK
r-devel-linux-x86_64-debian-gcc 1.0.1 2.08 18.46 20.54 OK
r-devel-linux-x86_64-fedora-clang 1.0.1 43.12 OK
r-devel-linux-x86_64-fedora-gcc 1.0.1 45.02 OK
r-devel-windows-x86_64 1.0.1 7.00 49.00 56.00 OK
r-patched-linux-x86_64 1.0.1 2.37 23.33 25.70 NOTE
r-release-linux-x86_64 1.0.1 2.72 22.88 25.60 NOTE
r-release-macos-arm64 1.0.1 20.00 NOTE
r-release-macos-x86_64 1.0.1 26.00 NOTE
r-release-windows-x86_64 1.0.1 5.00 47.00 52.00 NOTE
r-oldrel-macos-arm64 1.0.1 19.00 NOTE
r-oldrel-macos-x86_64 1.0.1 25.00 NOTE
r-oldrel-windows-x86_64 1.0.1 7.00 48.00 55.00 NOTE

Check Details

Version: 1.0.1
Check: LazyData
Result: NOTE 'LazyData' is specified without a 'data' directory Flavors: r-patched-linux-x86_64, r-release-linux-x86_64, r-release-macos-arm64, r-release-macos-x86_64, r-release-windows-x86_64, r-oldrel-macos-arm64, r-oldrel-macos-x86_64, r-oldrel-windows-x86_64

Version: 1.0.1
Check: installed package size
Result: NOTE installed size is 11.7Mb sub-directories of 1Mb or more: htmlwidgets 11.6Mb Flavors: r-release-macos-arm64, r-release-macos-x86_64, r-release-windows-x86_64, r-oldrel-macos-arm64, r-oldrel-macos-x86_64, r-oldrel-windows-x86_64