CRAN Package Check Results for Package aceEditor

Last updated on 2024-06-18 12:55:47 CEST.

Flavor Version Tinstall Tcheck Ttotal Status Flags
r-devel-linux-x86_64-debian-clang 1.0.1 6.66 31.18 37.84 NOTE
r-devel-linux-x86_64-debian-gcc 1.0.1 2.79 23.70 26.49 NOTE
r-devel-linux-x86_64-fedora-clang 1.0.1 42.99 NOTE
r-devel-linux-x86_64-fedora-gcc 1.0.1 41.00 NOTE
r-devel-windows-x86_64 1.0.1 6.00 51.00 57.00 NOTE
r-patched-linux-x86_64 1.0.1 6.31 29.31 35.62 NOTE
r-release-linux-x86_64 1.0.1 6.50 30.13 36.63 NOTE
r-release-macos-arm64 1.0.1 20.00 NOTE
r-release-macos-x86_64 1.0.1 26.00 NOTE
r-release-windows-x86_64 1.0.1 6.00 44.00 50.00 NOTE
r-oldrel-macos-arm64 1.0.1 19.00 NOTE
r-oldrel-macos-x86_64 1.0.1 25.00 NOTE
r-oldrel-windows-x86_64 1.0.1 6.00 49.00 55.00 NOTE

Check Details

Version: 1.0.1
Check: LazyData
Result: NOTE 'LazyData' is specified without a 'data' directory Flavors: r-devel-linux-x86_64-debian-clang, r-devel-linux-x86_64-debian-gcc, r-devel-linux-x86_64-fedora-clang, r-devel-linux-x86_64-fedora-gcc, r-devel-windows-x86_64, r-patched-linux-x86_64, r-release-linux-x86_64, r-release-macos-arm64, r-release-macos-x86_64, r-release-windows-x86_64, r-oldrel-macos-arm64, r-oldrel-macos-x86_64, r-oldrel-windows-x86_64

Version: 1.0.1
Check: installed package size
Result: NOTE installed size is 11.7Mb sub-directories of 1Mb or more: htmlwidgets 11.6Mb Flavors: r-devel-linux-x86_64-fedora-clang, r-devel-windows-x86_64, r-release-macos-arm64, r-release-macos-x86_64, r-release-windows-x86_64, r-oldrel-macos-arm64, r-oldrel-macos-x86_64, r-oldrel-windows-x86_64