CRAN Package Check Results for Package aceEditor

Last updated on 2022-09-26 19:50:30 CEST.

Flavor Version Tinstall Tcheck Ttotal Status Flags
r-devel-linux-x86_64-debian-clang 1.0.1 3.70 30.60 34.30 NOTE
r-devel-linux-x86_64-debian-gcc 1.0.1 3.00 24.14 27.14 NOTE
r-devel-linux-x86_64-fedora-clang 1.0.1 53.47 NOTE
r-devel-linux-x86_64-fedora-gcc 1.0.1 52.65 NOTE
r-devel-windows-x86_64 1.0.1 22.00 58.00 80.00 NOTE
r-patched-linux-x86_64 1.0.1 4.22 29.26 33.48 NOTE
r-release-linux-x86_64 1.0.1 3.83 29.12 32.95 NOTE
r-release-macos-arm64 1.0.1 18.00 NOTE
r-release-macos-x86_64 1.0.1 25.00 NOTE
r-release-windows-x86_64 1.0.1 18.00 59.00 77.00 NOTE
r-oldrel-macos-arm64 1.0.1 22.00 NOTE
r-oldrel-macos-x86_64 1.0.1 31.00 NOTE
r-oldrel-windows-ix86+x86_64 1.0.1 9.00 53.00 62.00 NOTE

Check Details

Version: 1.0.1
Check: LazyData
Result: NOTE
     'LazyData' is specified without a 'data' directory
Flavors: r-devel-linux-x86_64-debian-clang, r-devel-linux-x86_64-debian-gcc, r-devel-linux-x86_64-fedora-clang, r-devel-linux-x86_64-fedora-gcc, r-devel-windows-x86_64, r-patched-linux-x86_64, r-release-linux-x86_64, r-release-macos-arm64, r-release-macos-x86_64, r-release-windows-x86_64, r-oldrel-macos-arm64, r-oldrel-macos-x86_64, r-oldrel-windows-ix86+x86_64

Version: 1.0.1
Check: installed package size
Result: NOTE
     installed size is 11.7Mb
     sub-directories of 1Mb or more:
     htmlwidgets 11.6Mb
Flavors: r-devel-linux-x86_64-fedora-clang, r-devel-windows-x86_64, r-release-macos-arm64, r-release-macos-x86_64, r-release-windows-x86_64, r-oldrel-macos-arm64, r-oldrel-macos-x86_64, r-oldrel-windows-ix86+x86_64