CRAN Package Check Results for Package accrual

Last updated on 2020-05-25 01:48:46 CEST.

Flavor Version Tinstall Tcheck Ttotal Status Flags
r-devel-linux-x86_64-debian-clang 1.3 8.98 73.76 82.74 OK
r-devel-linux-x86_64-debian-gcc 1.3 6.84 57.49 64.33 OK
r-devel-linux-x86_64-fedora-clang 1.3 100.64 OK
r-devel-linux-x86_64-fedora-gcc 1.3 102.59 OK
r-devel-windows-ix86+x86_64 1.3 23.00 76.00 99.00 ERROR
r-patched-linux-x86_64 1.3 9.69 74.54 84.23 OK
r-patched-solaris-x86 1.3 158.00 OK
r-release-linux-x86_64 1.3 9.11 73.91 83.02 OK
r-release-osx-x86_64 1.3 OK
r-release-windows-ix86+x86_64 1.3 17.00 107.00 124.00 OK
r-oldrel-osx-x86_64 1.3 FAIL
r-oldrel-windows-ix86+x86_64 1.3 15.00 117.00 132.00 OK

Check Details

Version: 1.3
Check: examples
Result: ERROR
    Running examples in 'accrual-Ex.R' failed
    The error most likely occurred in:
    
    > ### Name: accrual-package
    > ### Title: Bayesian Accrual Prediction
    > ### Aliases: accrual-package accrual
    > ### Keywords: accrual Bayesian
    >
    > ### ** Examples
    >
    > accrual.n.inform(n=300, T=36, P=0.5, m=100, tm=10, Tp=36)
    [[1]]
    [1] 292 332 375
    
    [[2]]
     [1] 342 357 316 351 315 318 317 353 357 302 355 314 326 301 339 360 322 329
     [19] 320 334 331 319 338 338 367 342 299 356 372 319 315 331 341 339 345 342
     [37] 361 336 366 320 350 331 301 369 351 346 332 302 344 331 348 326 311 319
     [55] 316 313 318 299 313 363 334 308 340 336 332 353 354 302 351 340 339 339
     [73] 365 305 309 322 325 365 303 301 330 382 350 334 345 315 329 292 283 332
     [91] 312 340 268 339 326 347 358 321 307 345 339 346 331 326 333 327 361 299
     [109] 343 364 351 295 351 333 363 342 353 298 319 335 329 364 356 355 324 310
     [127] 330 349 306 374 314 371 314 361 339 330 345 317 316 307 337 339 347 337
     [145] 328 278 355 309 350 297 323 353 333 327 333 349 387 316 338 316 312 315
     [163] 350 326 328 361 347 298 363 351 315 336 301 296 299 314 344 357 376 350
     [181] 304 280 328 284 306 358 331 340 324 340 300 348 329 322 331 356 366 317
     [199] 312 391 303 323 364 320 333 342 310 332 328 336 321 327 326 319 300 323
     [217] 309 335 334 352 322 321 305 317 339 352 359 348 344 331 302 305 371 299
     [235] 358 364 342 299 346 294 345 315 362 337 332 365 339 320 294 336 323 369
     [253] 334 338 322 303 334 339 345 321 308 332 291 342 329 322 344 298 326 356
     [271] 340 313 307 319 322 317 328 338 326 321 330 336 332 316 311 351 347 344
     [289] 341 350 326 307 334 333 313 329 342 356 343 347 315 318 342 338 376 374
     [307] 342 316 306 351 307 336 316 351 325 346 344 333 300 275 292 330 357 330
     [325] 352 308 360 328 336 321 326 375 313 370 299 318 385 321 281 365 311 331
     [343] 358 347 320 307 308 341 330 350 326 335 333 297 339 309 341 317 295 332
     [361] 353 345 327 348 331 335 357 378 319 304 381 310 326 365 302 325 320 361
     [379] 322 322 326 330 311 306 341 280 351 337 326 370 339 325 324 318 280 340
     [397] 328 359 338 334 286 331 338 278 319 353 304 347 304 303 329 297 303 333
     [415] 310 338 312 334 319 320 331 314 336 354 338 347 301 342 326 357 326 322
     [433] 325 361 336 339 296 332 322 326 343 345 297 313 324 334 330 341 318 373
     [451] 324 341 318 362 325 329 309 319 323 318 309 353 335 370 345 316 296 346
     [469] 324 350 346 332 320 294 398 296 346 316 336 341 329 347 333 345 314 322
     [487] 329 332 334 361 313 326 350 340 387 320 339 311 315 355 307 333 341 321
     [505] 341 327 398 332 344 354 338 328 331 328 336 316 299 332 308 353 301 332
     [523] 311 298 300 336 369 349 321 281 366 332 339 311 310 309 350 335 350 321
     [541] 313 309 351 347 343 317 321 290 322 345 359 328 366 329 306 329 306 349
     [559] 327 368 366 365 384 296 319 379 357 365 329 267 293 340 330 316 337 309
     [577] 364 350 351 346 323 381 313 337 342 316 352 322 345 317 301 353 316 317
     [595] 313 340 349 334 298 326 323 369 338 324 295 301 365 323 348 337 353 318
     [613] 309 308 348 365 318 310 354 371 336 330 354 352 359 316 319 348 318 307
     [631] 345 326 363 329 318 333 346 342 307 357 323 321 338 301 338 330 287 288
     [649] 291 323 337 358 313 372 300 341 357 358 356 335 319 336 333 322 281 327
     [667] 338 331 303 316 307 360 315 336 276 315 353 334 354 343 317 354 308 343
     [685] 372 376 311 354 309 352 346 322 335 302 333 342 339 361 367 312 298 355
     [703] 309 305 347 312 306 338 333 326 357 346 324 345 312 343 321 373 315 333
     [721] 311 359 363 357 353 302 335 361 367 305 361 350 332 339 368 313 326 324
     [739] 361 312 306 326 315 342 338 316 309 314 337 342 323 333 298 362 322 381
     [757] 330 322 358 332 356 328 315 288 385 337 319 313 328 322 319 349 365 346
     [775] 341 344 299 321 306 313 364 278 327 316 364 351 325 314 302 339 320 300
     [793] 329 358 378 301 325 334 360 287 295 343 382 313 336 312 356 364 372 317
     [811] 362 329 296 301 336 343 396 352 348 349 343 338 303 338 352 313 336 313
     [829] 348 355 326 333 342 288 314 334 350 359 325 331 336 353 333 328 290 313
     [847] 348 348 317 332 363 311 352 356 334 328 324 319 333 349 306 347 343 349
     [865] 351 348 357 332 322 330 299 320 300 386 343 321 329 323 318 326 312 359
     [883] 326 319 321 328 317 391 289 353 337 354 306 332 334 345 345 335 318 333
     [901] 299 358 344 319 332 328 311 306 370 345 343 310 326 310 328 374 313 337
     [919] 327 308 389 314 355 346 363 352 327 316 322 354 350 312 370 308 337 332
     [937] 336 311 313 325 325 320 313 341 337 328 362 361 350 329 323 342 356 320
     [955] 312 337 312 317 363 318 333 369 355 341 343 302 309 361 301 280 356 343
     [973] 316 331 311 342 309 327 311 369 355 299 329 349 310 305 314 316 320 323
     [991] 316 319 317 317 334 307 333 303 346 345 321 347 336 349 314 348 342 317
     [1009] 322 300 318 325 362 353 337 323 383 374 343 339 344 344 352 323 361 348
     [1027] 358 333 316 298 364 362 344 352 352 353 360 352 337 333 325 335 323 311
     [1045] 340 329 343 357 334 334 355 345 318 331 326 309 341 306 332 362 342 347
     [1063] 333 379 321 322 367 343 318 343 341 357 312 334 398 343 326 319 366 334
     [1081] 319 346 353 344 320 347 339 341 324 344 373 312 314 350 362 337 315 355
     [1099] 349 345 333 339 302 355 343 357 339 399 332 316 342 366 358 319 332 347
     [1117] 386 337 353 370 335 302 348 339 327 366 369 336 304 315 331 340 337 351
     [1135] 362 354 362 333 371 341 330 334 320 308 319 316 318 328 340 341 356 347
     [1153] 355 355 342 289 340 361 305 317 337 342 319 316 335 331 372 353 328 287
     [1171] 310 334 298 333 285 343 331 350 309 357 300 328 332 343 348 317 322 313
     [1189] 335 348 333 340 335 323 299 336 351 318 312 347 317 344 317 300 368 293
     [1207] 345 345 354 319 342 330 336 346 315 333 338 313 312 351 355 391 330 337
     [1225] 330 352 318 326 309 348 318 335 287 317 342 323 312 339 350 341 314 348
     [1243] 321 336 327 346 350 318 315 303 385 358 328 327 367 361 304 321 318 367
     [1261] 336 348 372 324 298 348 326 367 365 309 299 318 359 373 372 342 354 331
     [1279] 327 341 331 327 332 308 347 311 349 327 332 355 320 336 309 341 341 342
     [1297] 301 301 345 311 319 331 303 311 324 340 326 311 326 317 336 369 346 366
     [1315] 330 307 334 337 343 349 367 326 309 300 361 316 333 331 349 317 311 332
     [1333] 331 333 322 336 332 293 336 348 343 359 372 307 272 302 344 344 329 349
     [1351] 327 337 349 301 323 328 342 355 337 316 364 374 320 322 342 300 323 359
     [1369] 358 349 311 341 349 333 357 350 356 348 331 295 322 343 324 308 329 304
     [1387] 313 342 349 362 311 357 380 336 378 343 338 327 355 349 311 332 356 298
     [1405] 320 355 308 312 318 371 347 307 320 316 362 320 340 322 349 280 319 325
     [1423] 335 308 288 353 306 310 305 325 299 323 318 334 309 344 391 329 321 334
     [1441] 361 309 332 307 340 297 377 298 327 304 319 364 334 337 330 302 318 350
     [1459] 309 339 355 313 366 306 320 261 338 310 336 310 362 370 365 349 355 390
     [1477] 317 324 297 346 310 352 334 317 324 336 328 298 330 304 308 335 375 304
     [1495] 315 324 299 329 343 348 346 339 333 340 292 366 348 327 363 327 320 308
     [1513] 322 311 343 339 349 339 338 311 288 388 382 327 302 314 365 327 350 339
     [1531] 301 321 318 345 310 362 319 359 319 341 305 338 334 324 304 311 353 301
     [1549] 332 330 357 353 348 321 308 307 294 315 325 354 315 334 326 334 305 331
     [1567] 333 329 359 303 323 348 307 305 326 342 329 316 324 312 288 298 319 341
     [1585] 334 326 339 323 315 313 381 310 332 348 317 321 296 358 299 371 338 379
     [1603] 331 323 325 362 320 326 308 302 341 305 346 319 318 355 324 363 310 318
     [1621] 329 337 313 329 357 316 311 320 337 368 317 300 309 345 348 314 305 319
     [1639] 305 335 357 293 339 360 310 349 319 339 326 329 363 330 290 317 299 347
     [1657] 330 310 315 349 361 336 287 337 330 300 300 369 344 314 316 378 357 360
     [1675] 300 313 316 360 339 343 339 338 337 321 341 317 374 342 345 326 303 357
     [1693] 357 304 326 303 352 325 343 346 309 322 288 352 316 366 363 315 314 333
     [1711] 321 345 320 366 344 341 312 376 320 302 354 359 347 335 356 312 329 356
     [1729] 332 340 331 370 330 335 344 316 309 337 339 319 320 319 361 355 341 335
     [1747] 317 315 333 295 307 311 354 345 329 341 315 328 325 347 374 319 344 318
     [1765] 349 339 360 294 327 339 314 296 351 315 332 316 326 378 372 313 325 353
     [1783] 345 353 305 357 329 316 349 341 379 323 331 330 354 358 351 311 377 274
     [1801] 301 322 314 314 330 319 356 301 345 346 350 348 312 330 321 319 322 351
     [1819] 287 294 343 330 344 362 286 320 329 339 338 342 335 306 350 296 325 315
     [1837] 325 336 295 337 321 340 371 328 311 333 312 339 370 341 348 337 332 346
     [1855] 343 338 366 304 321 342 315 359 329 374 368 364 371 321 350 349 339 380
     [1873] 314 359 351 289 309 306 346 328 346 361 369 353 348 322 340 360 367 320
     [1891] 308 345 343 314 306 314 308 338 335 292 324 367 334 330 318 335 329 332
     [1909] 306 364 345 358 359 339 303 335 314 371 327 366 345 335 294 346 318 320
     [1927] 345 324 306 347 361 333 329 355 302 328 335 343 350 315 323 337 324 341
     [1945] 352 335 337 345 345 320 338 345 379 282 365 297 376 350 313 384 327 299
     [1963] 329 327 351 327 335 344 321 346 310 315 351 324 313 319 330 301 321 356
     [1981] 317 337 314 327 336 278 383 340 344 331 328 352 304 330 341 322 328 374
     [1999] 334 305 276 353 295 311 341 331 308 296 298 355 344 343 340 323 316 335
     [2017] 338 355 339 329 343 306 369 314 348 303 344 354 361 352 318 335 308 346
     [2035] 342 328 345 340 310 341 328 335 325 369 345 322 317 340 351 331 359 310
     [2053] 344 318 332 319 299 331 336 334 363 346 345 332 331 316 352 324 377 323
     [2071] 327 323 324 312 306 348 347 295 352 322 354 331 331 347 347 323 359 322
     [2089] 336 324 373 361 303 349 301 373 362 332 346 367 366 345 324 280 351 336
     [2107] 332 307 339 324 333 318 318 344 329 369 322 357 317 322 324 323 341 313
     [2125] 294 335 317 349 338 308 332 359 364 330 296 317 319 357 361 315 340 324
     [2143] 356 333 316 334 304 335 312 339 310 345 302 366 356 342 341 320 342 299
     [2161] 344 320 327 321 348 311 322 346 345 353 313 344 348 358 342 352 338 304
     [2179] 336 318 334 337 350 351 361 296 361 373 280 343 320 342 279 342 314 325
     [2197] 321 326 327 363 323 324 332 298 300 318 343 321 336 328 314 301 304 325
     [2215] 350 365 310 293 305 356 381 316 290 339 329 338 322 309 325 331 330 355
     [2233] 337 281 341 301 312 322 369 329 370 272 318 359 331 319 356 329 353 365
     [2251] 355 356 335 352 338 298 303 321 330 364 330 330 296 329 382 341 335 346
     [2269] 336 304 307 338 372 366 351 327 344 330 351 323 338 322 355 372 293 302
     [2287] 345 315 319 361 346 342 315 339 359 337 345 383 300 301 343 372 353 309
     [2305] 321 325 369 301 329 336 340 346 360 340 338 403 335 274 324 356 337 313
     [2323] 315 327 319 337 342 319 335 336 332 317 360 329 393 319 319 333 349 356
     [2341] 328 325 315 315 329 313 346 357 374 351 324 339 280 370 339 350 326 348
     [2359] 309 327 326 338 309 363 373 337 349 317 345 350 338 301 344 343 335 385
     [2377] 336 333 347 315 372 278 347 311 305 337 315 330 319 335 368 326 364 318
     [2395] 370 365 342 372 347 309 343 324 345 325 323 322 360 331 330 327 338 349
     [2413] 341 366 359 331 308 317 332 346 309 330 326 311 343 310 334 301 301 307
     [2431] 357 313 402 315 301 324 317 314 298 350 329 376 336 346 376 323 357 335
     [2449] 332 325 309 326 354 293 325 345 346 339 332 312 346 339 324 334 330 307
     [2467] 324 331 311 301 338 356 329 326 361 310 354 319 353 320 330 328 341 360
     [2485] 319 307 358 348 324 320 295 323 344 319 316 348 348 310 319 313 361 301
     [2503] 352 328 352 347 332 311 348 333 357 351 282 339 318 342 364 307 325 355
     [2521] 334 349 338 307 353 304 333 337 353 369 322 338 317 322 331 324 328 330
     [2539] 371 290 328 334 321 340 355 318 328 359 315 341 319 353 328 336 329 319
     [2557] 337 317 349 339 319 342 307 313 329 318 387 326 359 306 344 359 369 313
     [2575] 350 333 346 326 369 327 353 311 345 295 339 349 350 313 314 338 390 345
     [2593] 337 324 331 316 325 363 332 353 345 366 374 312 299 320 324 355 313 309
     [2611] 308 303 319 335 322 314 337 329 371 322 346 337 336 320 359 356 322 355
     [2629] 347 328 346 331 339 314 345 384 341 330 358 298 324 353 333 332 350 322
     [2647] 326 355 337 369 335 323 361 328 342 335 332 311 335 358 340 342 337 317
     [2665] 328 291 369 359 308 343 345 353 334 326 316 333 296 336 338 311 345 333
     [2683] 364 345 319 348 311 294 358 331 336 348 355 373 355 338 302 360 336 370
     [2701] 324 317 311 305 311 340 367 343 350 336 326 296 340 317 301 341 329 346
     [2719] 362 315 317 329 317 334 350 312 330 331 336 299 331 292 291 350 322 338
     [2737] 336 324 293 329 324 339 330 312 338 358 352 326 340 315 353 345 317 329
     [2755] 354 314 285 329 308 324 362 326 372 297 318 335 335 362 320 308 322 333
     [2773] 315 358 304 340 308 313 321 330 341 344 311 300 302 331 344 317 312 361
     [2791] 329 350 326 353 324 355 371 347 349 323 278 359 338 337 344 348 312 324
     [2809] 306 341 346 336 368 323 299 325 355 308 356 349 351 335 327 307 309 349
     [2827] 323 379 339 336 305 354 347 365 350 348 321 318 318 328 332 369 289 321
     [2845] 321 329 320 326 331 330 325 343 303 347 315 316 279 326 353 338 327 313
     [2863] 351 342 345 316 355 336 372 319 339 336 324 374 350 353 328 323 277 309
     [2881] 307 316 357 327 299 340 307 329 306 348 336 347 317 313 335 326 340 310
     [2899] 378 326 329 380 323 346 311 299 343 318 345 346 350 347 331 287 310 320
     [2917] 331 391 363 284 291 340 316 355 332 298 366 322 343 330 334 320 348 344
     [2935] 339 341 331 336 321 349 338 345 356 323 341 365 359 336 361 364 356 351
     [2953] 311 343 329 339 309 366 301 298 293 339 356 317 380 355 351 373 344 343
     [2971] 325 327 342 338 350 355 341 338 319 321 318 332 351 335 340 328 354 332
     [2989] 340 343 335 341 318 339 307 321 346 348 307 337 340 308 361 310 342 382
     [3007] 313 335 350 326 339 329 365 304 316 296 336 333 321 337 324 299 345 326
     [3025] 317 336 325 325 384 336 395 348 330 302 358 323 330 348 349 372 328 324
     [3043] 325 333 353 360 321 318 332 345 380 304 306 309 316 370 325 349 402 332
     [3061] 322 325 352 297 344 367 339 356 326 311 332 309 342 305 347 346 325 315
     [3079] 356 318 329 324 333 327 383 325 361 331 299 314 300 340 333 349 306 331
     [3097] 342 312 352 389 330 332 326 322 345 333 312 337 376 339 337 331 319 312
     [3115] 315 378 361 330 297 344 353 334 327 318 317 360 352 321 334 311 322 349
     [3133] 337 332 301 353 328 330 342 325 354 365 395 349 291 318 338 365 355 386
     [3151] 319 329 351 320 292 312 318 372 295 324 348 314 327 337 317 324 315 358
     [3169] 333 306 343 347 291 336 334 339 323 342 348 326 358 347 361 321 316 318
     [3187] 323 320 332 306 324 334 326 303 351 333 327 368 335 317 342 344 327 308
     [3205] 336 336 286 308 302 345 286 322 358 327 319 338 339 321 347 346 336 338
     [3223] 316 336 328 356 325 349 315 377 349 345 312 324 340 282 356 349 334 299
     [3241] 332 299 334 346 316 354 306 313 314 334 322 323 303 363 319 331 325 320
     [3259] 325 322 345 351 290 327 350 338 325 353 347 312 334 329 400 349 299 321
     [3277] 366 313 328 313 334 346 332 346 378 338 330 335 303 336 359 338 329 287
     [3295] 332 356 347 312 310 339 313 292 356 362 344 289 308 346 347 347 344 327
     [3313] 334 347 322 339 334 324 351 297 358 334 285 355 307 316 375 365 342 290
     [3331] 328 327 307 363 338 323 308 350 340 307 347 314 361 328 350 340 325 335
     [3349] 276 353 326 323 324 301 348 287 319 340 327 301 314 331 317 324 341 304
     [3367] 320 320 314 340 362 328 282 327 325 342 340 318 324 317 330 327 330 331
     [3385] 361 337 345 315 345 325 301 343 326 316 385 381 301 308 339 374 358 315
     [3403] 316 329 341 306 319 359 356 347 317 352 335 319 337 376 328 324 299 318
     [3421] 342 338 353 343 347 297 312 354 350 332 332 318 319 340 380 354 312 334
     [3439] 325 298 355 324 327 323 358 352 334 322 329 343 324 399 287 312 326 292
     [3457] 305 329 348 293 308 311 334 322 326 308 340 363 330 361 297 315 369 321
     [3475] 379 333 335 347 310 354 311 341 332 344 348 316 352 376 287 287 310 325
     [3493] 341 324 335 333 326 360 306 349 330 334 353 364 300 319 331 336 320 327
     [3511] 351 373 369 337 311 332 343 341 352 341 323 279 316 309 315 344 325 346
     [3529] 321 300 314 309 321 335 360 295 290 330 353 359 347 310 353 372 292 346
     [3547] 340 350 362 364 355 360 324 342 332 417 331 345 327 347 354 307 328 302
     [3565] 333 306 281 356 299 290 325 325 355 349 346 337 329 300 311 326 350 338
     [3583] 337 327 366 325 318 340 328 329 341 325 387 326 333 355 321 303 346 342
     [3601] 330 339 328 326 348 319 320 312 338 308 348 340 329 325 337 321 347 356
     [3619] 374 348 320 341 370 311 330 357 344 345 332 373 354 327 296 335 328 325
     [3637] 341 333 324 349 345 322 326 334 319 353 327 313 344 307 375 331 340 320
     [3655] 341 321 329 314 333 366 343 345 359 335 318 303 370 299 298 327 315 331
     [3673] 331 325 344 313 343 306 317 344 325 306 311 344 314 344 333 302 320 360
     [3691] 355 335 306 335 346 361 346 342 335 294 329 359 346 324 347 336 310 323
     [3709] 342 307 342 320 340 331 358 358 327 328 342 346 306 305 364 358 331 357
     [3727] 337 298 316 322 327 335 329 301 355 317 350 307 307 322 308 326 349 313
     [3745] 327 348 349 351 343 331 316 327 331 365 344 349 365 336 348 318 310 301
     [3763] 293 341 320 290 318 331 332 334 335 335 315 323 302 299 325 375 315 338
     [3781] 343 348 316 333 307 346 357 344 345 338 331 351 348 325 316 340 355 337
     [3799] 314 358 335 344 355 303 298 326 367 311 306 316 304 342 319 355 340 336
     [3817] 332 355 354 321 329 315 315 348 329 355 328 304 361 333 363 345 318 364
     [3835] 366 364 338 334 332 330 321 340 347 339 349 308 324 336 350 330 288 341
     [3853] 341 321 364 356 334 299 369 324 330 341 334 369 329 329 364 321 391 335
     [3871] 327 312 358 303 343 337 333 329 338 308 337 384 343 351 378 324 341 323
     [3889] 320 296 339 336 337 357 307 324 346 335 348 321 332 391 303 323 320 324
     [3907] 327 305 330 342 310 370 309 309 304 351 347 320 342 340 359 303 364 353
     [3925] 335 319 346 315 335 336 314 340 338 336 330 325 321 342 320 335 360 355
     [3943] 321 337 302 299 327 332 353 338 346 329 346 314 344 318 333 333 336 278
     [3961] 329 345 348 346 348 331 308 355 349 350 349 328 309 330 358 351 322 326
     [3979] 299 300 327 346 362 322 367 314 342 337 314 352 352 323 306 319 341 350
     [3997] 334 326 336 322 330 323 354 330 318 323 307 346 347 319 314 346 321 321
     [4015] 348 335 331 316 301 344 348 329 304 346 320 316 288 350 345 327 335 388
     [4033] 330 308 326 336 347 301 310 363 344 342 370 308 335 316 309 318 335 311
     [4051] 293 327 352 311 318 336 314 334 362 311 363 331 356 365 339 307 310 309
     [4069] 340 347 370 323 320 315 368 333 333 302 362 345 338 333 323 336 321 331
     [4087] 354 347 329 320 334 346 310 377 308 332 332 381 311 315 301 321 340 315
     [4105] 357 293 317 325 353 361 338 346 330 307 365 339 344 340 305 303 367 335
     [4123] 292 346 340 339 332 317 331 327 338 363 335 311 330 344 362 301 349 376
     [4141] 296 346 323 331 367 337 341 316 341 325 304 325 325 314 384 330 313 339
     [4159] 335 318 345 320 323 328 334 300 386 343 312 303 331 317 315 354 349 339
     [4177] 317 296 347 357 361 317 351 340 322 348 307 346 318 364 315 322 327 298
     [4195] 293 298 313 317 363 315 328 343 315 335 303 336 303 358 348 303 301 304
     [4213] 322 359 321 321 335 358 349 325 294 343 358 337 308 329 349 327 359 333
     [4231] 331 317 340 349 316 309 365 370 289 354 346 333 356 338 344 303 309 333
     [4249] 317 335 338 349 329 346 310 314 353 335 360 333 339 294 311 330 318 378
     [4267] 307 336 403 292 371 337 366 316 330 343 289 347 304 315 332 349 349 333
     [4285] 309 310 340 334 310 348 345 351 309 334 348 361 323 338 336 277 328 357
     [4303] 342 326 355 308 368 369 336 345 341 342 353 328 329 329 327 316 331 360
     [4321] 313 339 353 329 328 291 276 331 319 322 298 330 331 322 310 320 331 327
     [4339] 339 347 346 337 343 355 333 342 325 370 319 331 338 319 353 329 312 333
     [4357] 321 344 333 322 351 335 347 355 317 316 321 298 333 319 354 309 310 363
     [4375] 337 341 305 339 363 337 318 328 343 348 307 321 332 312 336 273 291 300
     [4393] 334 348 353 326 349 331 342 332 291 307 354 315 355 349 280 308 376 317
     [4411] 339 354 328 352 337 333 314 324 305 340 317 334 369 294 373 282 329 378
     [4429] 349 333 327 325 331 332 365 333 316 349 323 326 340 302 313 346 356 371
     [4447] 316 326 342 361 356 346 347 356 320 306 327 337 321 334 319 338 326 319
     [4465] 348 324 378 321 327 309 329 344 330 298 356 341 351 294 358 313 331 315
     [4483] 336 383 316 324 362 337 333 364 345 329 322 359 314 320 311 348 312 271
     [4501] 334 351 330 335 339 311 359 346 318 332 309 328 309 308 380 327 341 334
     [4519] 346 328 313 322 374 327 340 286 358 267 368 318 344 317 298 327 361 315
     [4537] 325 313 321 334 336 303 355 387 294 302 307 335 329 317 314 311 341 350
     [4555] 353 325 338 345 352 254 327 283 330 332 302 327 345 331 319 344 289 336
     [4573] 329 353 301 352 282 349 368 379 320 316 369 322 349 344 329 348 324 342
     [4591] 335 347 337 358 316 335 306 304 349 340 371 343 335 306 357 337 351 347
     [4609] 338 329 330 323 328 355 316 353 337 324 297 320 310 331 312 317 344 318
     [4627] 290 357 295 317 314 336 350 315 336 338 341 338 314 297 340 347 331 326
     [4645] 327 361 338 329 296 350 372 347 320 358 349 345 322 286 346 323 301 324
     [4663] 326 310 340 345 370 335 380 335 292 327 352 380 330 335 317 368 348 334
     [4681] 349 338 312 310 333 340 347 286 309 347 357 380 334 331 351 336 335 311
     [4699] 332 347 315 336 336 301 305 312 300 310 349 351 352 293 357 337 309 315
     [4717] 385 326 310 312 340 349 365 322 324 317 331 328 312 315 330 365 353 335
     [4735] 301 343 338 344 286 383 337 299 312 326 296 309 324 353 343 347 371 359
     [4753] 372 322 376 360 329 324 348 317 368 314 339 320 332 329 337 317 379 373
     [4771] 304 314 334 350 301 338 332 367 299 327 355 333 354 363 339 310 311 330
     [4789] 335 301 322 286 349 362 350 339 297 335 328 368 334 359 338 297 293 328
     [4807] 312 323 340 370 315 332 304 370 329 354 321 292 326 309 307 337 321 300
     [4825] 303 343 345 319 331 367 347 297 334 351 335 350 325 307 318 328 339 344
     [4843] 329 307 344 354 324 350 284 325 288 356 344 306 332 330 335 317 338 353
     [4861] 309 336 342 324 324 316 329 302 314 330 316 315 328 306 334 314 368 321
     [4879] 327 337 349 339 341 335 379 311 330 349 305 366 322 321 348 310 323 301
     [4897] 325 336 311 325 324 326 355 338 318 349 344 313 317 285 337 279 316 346
     [4915] 316 317 316 365 356 294 342 296 309 354 306 332 330 292 345 348 347 312
     [4933] 367 391 375 308 323 344 384 332 330 352 347 336 351 301 348 331 304 343
     [4951] 310 372 365 354 333 328 321 311 323 308 342 390 371 319 336 343 313 311
     [4969] 344 367 360 353 321 348 349 315 331 334 341 325 348 342 325 301 315 336
     [4987] 351 348 314 335 326 331 326 317 351 322 358 370 305 334 360 364 299 318
     [5005] 346 331 328 333 307 312 336 312 316 331 340 338 289 301 349 331 313 360
     [5023] 326 355 336 342 357 320 301 329 324 341 311 347 369 305 316 331 297 343
     [5041] 340 280 317 329 338 340 299 305 383 338 321 279 329 301 321 351 334 310
     [5059] 312 337 311 331 357 338 332 344 323 313 334 339 326 294 331 324 315 321
     [5077] 365 323 353 312 350 395 332 376 353 333 337 367 358 318 308 342 334 324
     [5095] 292 302 347 331 343 317 358 334 299 335 341 343 306 300 330 345 346 325
     [5113] 327 305 296 352 343 321 360 301 323 346 306 335 425 325 342 341 330 307
     [5131] 318 308 340 335 306 327 347 333 300 332 334 326 362 346 359 332 343 365
     [5149] 363 297 355 338 313 359 349 332 309 340 345 334 350 319 342 314 306 317
     [5167] 314 297 337 306 314 326 341 319 333 316 317 357 356 342 307 358 348 340
     [5185] 300 379 351 325 341 340 320 340 332 307 299 354 302 312 312 320 326 358
     [5203] 330 324 357 347 326 350 316 301 326 300 342 348 325 324 334 351 345 361
     [5221] 339 363 297 345 315 324 368 313 328 318 357 339 332 324 319 326 362 326
     [5239] 302 350 341 333 332 320 328 384 370 310 363 325 337 332 317 332 336 308
     [5257] 322 318 321 325 347 323 363 345 328 352 312 339 343 320 321 317 338 375
     [5275] 315 353 357 349 384 350 303 326 348 322 352 353 336 305 333 368 326 322
     [5293] 356 365 337 344 325 328 320 315 346 310 330 319 343 329 344 308 307 319
     [5311] 318 322 301 274 329 311 298 325 316 331 321 324 316 291 289 350 313 320
     [5329] 314 334 341 368 363 321 339 319 318 360 316 380 299 350 295 339 326 332
     [5347] 345 329 325 308 330 368 318 314 307 324 299 297 335 341 299 322 319 337
     [5365] 328 353 351 317 330 357 298 323 353 350 297 310 304 355 350 327 334 348
     [5383] 333 300 309 315 309 305 300 359 320 356 345 306 352 323 358 382 314 350
     [5401] 347 347 334 338 321 306 350 367 337 347 341 281 329 344 350 323 328 314
     [5419] 367 302 358 332 356 318 346 344 339 319 346 314 367 311 328 332 343 299
     [5437] 321 330 354 353 315 330 311 334 333 334 353 321 339 389 327 379 343 340
     [5455] 370 353 311 345 296 336 325 308 367 343 325 323 321 362 361 317 359 355
     [5473] 341 332 320 291 372 317 313 311 350 279 292 315 321 329 308 303 335 331
     [5491] 355 344 324 315 306 324 336 371 336 344 322 342 351 318 337 384 334 354
     [5509] 343 397 311 287 326 347 341 318 332 322 346 328 330 335 321 332 320 365
     [5527] 302 336 296 358 312 322 344 377 340 312 305 325 329 301 326 338 337 318
     [5545] 353 324 299 348 320 342 356 347 311 335 328 366 358 349 332 351 336 324
     [5563] 332 329 371 309 341 359 312 330 366 339 342 330 331 318 349 354 358 337
     [5581] 350 338 343 358 343 315 347 390 342 371 359 317 322 313 333 308 329 329
     [5599] 339 347 332 324 286 323 289 358 319 353 333 321 320 330 345 344 325 304
     [5617] 276 359 310 307 339 313 318 331 328 322 358 349 309 313 325 371 362 318
     [5635] 310 367 333 367 331 334 327 328 339 310 301 301 285 348 328 351 360 303
     [5653] 366 358 337 358 318 336 305 316 335 319 370 298 316 347 345 363 324 338
     [5671] 382 288 334 318 333 333 353 300 379 361 346 331 309 316 365 315 393 317
     [5689] 346 329 311 339 337 351 334 388 331 362 359 333 320 364 325 333 288 358
     [5707] 283 325 317 338 329 323 354 292 308 298 298 341 339 354 326 321 334 349
     [5725] 311 330 304 295 333 306 337 303 336 371 343 346 319 298 338 326 347 333
     [5743] 308 360 320 324 320 318 347 344 327 317 313 337 330 323 344 329 356 338
     [5761] 351 343 332 342 354 334 369 306 311 296 348 333 326 317 315 297 365 303
     [5779] 353 355 340 287 334 318 314 307 364 338 297 313 320 337 312 349 334 339
     [5797] 350 330 306 343 314 387 311 324 328 332 348 316 334 300 334 291 340 322
     [5815] 365 334 352 330 343 316 338 372 323 380 329 352 349 322 349 301 306 313
     [5833] 318 338 346 333 313 335 343 354 331 337 372 336 365 318 309 338 339 342
     [5851] 331 325 345 315 338 358 327 343 377 327 337 305 321 303 353 315 341 348
     [5869] 329 301 309 318 325 378 337 312 330 303 330 317 318 340 337 347 361 356
     [5887] 312 315 310 314 343 359 327 346 350 341 306 331 356 358 309 333 341 341
     [5905] 341 329 351 321 330 315 323 340 334 326 355 347 276 337 329 307 319 340
     [5923] 345 329 333 337 349 334 338 345 329 302 358 300 308 347 356 340 317 330
     [5941] 337 379 280 322 328 331 348 328 333 347 299 346 335 329 342 333 321 322
     [5959] 330 332 286 338 281 304 355 326 311 313 313 318 333 355 316 330 304 315
     [5977] 316 316 316 364 308 346 321 351 365 350 380 297 317 344 309 348 357 371
     [5995] 337 297 352 340 293 316 297 304 327 325 324 345 325 342 323 362 332 364
     [6013] 321 360 319 380 346 342 320 321 355 348 313 346 335 349 306 329 347 328
     [6031] 334 311 308 328 325 344 367 329 348 322 357 333 331 316 339 335 322 323
     [6049] 346 323 358 332 334 356 346 336 345 324 358 310 304 305 316 316 350 356
     [6067] 314 332 332 286 319 367 333 310 327 361 323 344 328 339 327 297 330 353
     [6085] 334 330 343 345 344 347 330 364 340 312 330 302 278 320 319 358 310 326
     [6103] 328 339 324 327 324 334 350 304 302 335 304 332 278 333 353 366 356 316
     [6121] 341 302 314 319 342 355 324 365 338 328 330 321 328 345 337 371 363 312
     [6139] 334 319 338 304 334 344 315 346 314 348 316 310 308 344 333 302 329 322
     [6157] 330 317 329 315 328 351 360 352 297 305 318 331 361 320 344 294 310 342
     [6175] 359 351 315 378 344 361 336 346 349 321 370 345 322 361 352 339 332 351
     [6193] 338 335 329 364 363 300 355 347 297 325 325 351 348 330 342 340 366 347
     [6211] 326 309 316 302 313 351 297 305 362 295 368 344 366 334 377 349 304 322
     [6229] 325 342 348 329 338 324 319 368 307 322 309 384 341 323 290 338 346 301
     [6247] 329 327 312 341 367 349 310 319 308 372 316 334 304 385 359 341 318 295
     [6265] 337 315 327 298 301 299 336 345 336 369 362 347 347 362 347 325 332 346
     [6283] 327 309 359 329 310 305 301 347 356 309 388 328 317 368 369 346 317 365
     [6301] 298 320 328 336 350 291 375 312 359 321 326 301 359 330 300 286 327 329
     [6319] 339 322 338 304 350 344 361 332 364 284 327 295 323 311 366 339 341 317
     [6337] 331 343 328 333 306 355 322 320 316 354 342 326 350 355 333 366 325 352
     [6355] 286 324 327 399 310 347 325 313 338 348 309 311 339 366 307 358 329 348
     [6373] 346 297 334 327 314 337 297 338 316 357 326 314 339 355 358 341 316 319
     [6391] 324 326 340 357 331 376 346 317 355 330 335 336 311 317 300 305 375 314
     [6409] 352 360 322 304 336 327 322 383 333 333 314 358 357 323 322 349 347 296
     [6427] 336 357 323 316 334 349 321 330 331 310 343 341 302 301 312 341 362 318
     [6445] 361 327 335 323 309 368 334 342 314 325 344 304 340 365 342 288 317 346
     [6463] 352 348 324 314 329 327 349 328 332 307 362 320 323 310 317 317 351 337
     [6481] 323 316 334 321 334 310 317 311 304 326 331 367 325 327 358 355 320 349
     [6499] 320 351 347 340 326 316 320 327 336 345 353 331 352 312 342 314 306 364
     [6517] 373 342 330 321 343 351 328 347 337 338 313 319 348 363 309 307 340 334
     [6535] 312 309 326 331 354 344 336 341 342 358 365 330 337 292 361 309 335 304
     [6553] 312 334 339 321 308 322 385 325 330 316 372 309 314 304 292 308 343 368
     [6571] 313 314 394 309 335 321 328 331 317 313 342 392 349 341 336 311 330 331
     [6589] 322 337 352 319 324 353 358 352 309 311 359 301 314 312 336 321 340 314
     [6607] 319 342 322 330 341 297 335 305 349 324 323 315 290 356 324 324 338 317
     [6625] 290 350 317 329 338 313 339 334 313 306 318 360 290 336 300 299 321 294
     [6643] 313 312 320 296 321 346 336 361 355 311 324 318 330 323 340 320 342 301
     [6661] 334 340 357 326 303 338 325 348 341 338 343 330 331 369 345 321 349 327
     [6679] 326 274 321 370 341 390 306 331 344 318 329 342 367 349 328 367 333 320
     [6697] 338 303 379 365 359 315 329 309 331 344 317 345 364 317 334 347 359 331
     [6715] 326 336 396 353 322 326 290 321 299 307 299 345 305 324 340 327 267 319
     [6733] 319 302 350 375 324 353 322 315 346 345 340 346 351 355 361 370 338 329
     [6751] 315 336 314 342 366 319 313 341 323 384 330 339 349 353 322 305 371 346
     [6769] 339 338 331 351 320 295 346 355 341 334 359 314 312 350 307 325 305 309
     [6787] 339 366 332 320 339 336 359 297 336 324 328 316 335 358 330 360 327 336
     [6805] 333 327 325 366 345 307 312 344 330 344 310 342 369 315 327 367 330 319
     [6823] 284 328 366 326 329 349 287 370 323 331 325 351 313 313 342 333 329 332
     [6841] 324 333 365 277 354 358 297 334 358 327 300 329 306 334 362 361 321 376
     [6859] 375 296 339 334 360 323 329 336 302 383 329 325 330 330 357 344 318 317
     [6877] 381 345 295 343 348 342 326 299 346 344 354 374 319 327 298 342 391 362
     [6895] 335 352 357 355 339 345 327 350 305 351 340 329 275 338 301 374 326 364
     [6913] 282 277 329 327 339 336 338 318 370 338 340 344 343 337 362 361 324 302
     [6931] 312 317 365 290 325 319 351 326 339 328 317 301 335 323 313 346 344 323
     [6949] 307 374 325 317 320 306 316 315 314 367 303 304 318 349 342 331 316 331
     [6967] 363 365 353 289 341 303 333 288 356 346 344 348 313 355 337 318 363 351
     [6985] 349 347 326 343 361 329 328 315 324 351 322 381 351 320 346 336 317 333
     [7003] 334 328 345 329 303 290 322 307 322 343 359 316 318 329 327 351 339 308
     [7021] 331 314 332 325 295 363 321 345 309 331 334 302 347 346 364 326 346 368
     [7039] 370 337 298 330 356 297 334 315 318 375 313 347 343 335 306 366 326 311
     [7057] 323 347 354 324 316 353 303 344 331 295 334 332 317 359 314 342 332 345
     [7075] 311 353 367 355 309 340 267 336 338 369 350 328 349 316 343 331 286 323
     [7093] 320 317 382 323 333 324 359 291 333 336 303 337 316 337 319 337 373 327
     [7111] 318 368 333 300 335 299 337 310 334 334 338 376 335 316 324 330 318 353
     [7129] 350 325 349 351 376 314 321 358 329 351 326 306 356 312 334 339 359 301
     [7147] 323 307 334 335 324 333 332 350 333 287 348 333 364 355 329 328 322 328
     [7165] 318 353 327 320 361 333 339 347 340 349 324 341 331 321 310 302 305 311
     [7183] 321 321 349 348 288 333 306 332 327 295 289 342 322 335 347 353 345 350
     [7201] 310 309 315 341 334 336 366 313 312 335 341 309 351 318 324 341 341 323
     [7219] 316 320 360 306 294 337 339 318 322 311 356 353 345 350 309 358 375 348
     [7237] 330 317 297 386 319 355 335 359 311 342 293 279 316 349 340 346 330 287
     [7255] 321 323 322 308 329 330 355 327 327 356 289 299 345 299 306 308 367 346
     [7273] 341 314 316 354 344 330 297 365 332 312 323 344 356 377 344 325 319 320
     [7291] 329 340 318 299 370 309 341 321 345 364 346 359 343 361 352 338 347 334
     [7309] 307 313 331 378 294 321 332 315 328 339 355 335 295 360 346 320 374 336
     [7327] 328 325 350 325 347 331 352 353 345 336 326 320 325 331 341 274 340 345
     [7345] 332 354 347 329 342 361 315 351 336 368 346 314 300 358 328 356 319 311
     [7363] 286 332 332 297 314 337 323 336 367 319 367 357 306 282 333 314 346 329
     [7381] 339 349 352 298 342 307 295 315 303 322 341 314 325 365 341 336 392 314
     [7399] 368 350 364 338 324 351 359 350 334 347 315 329 371 353 343 297 353 351
     [7417] 327 343 342 347 296 342 336 332 317 320 375 332 334 352 305 345 341 345
     [7435] 365 352 313 353 313 337 344 326 334 336 318 341 366 336 324 320 338 333
     [7453] 291 356 333 364 303 334 322 326 324 334 337 368 328 311 347 350 356 368
     [7471] 306 335 298 345 351 344 345 297 316 384 328 361 330 330 375 328 352 319
     [7489] 339 302 321 371 325 311 332 322 347 341 327 369 337 358 299 376 355 323
     [7507] 313 356 342 343 336 349 338 315 312 338 282 330 326 333 346 315 286 321
     [7525] 328 336 358 336 333 332 344 324 332 328 350 359 358 343 353 320 330 346
     [7543] 304 354 309 332 353 339 333 328 314 335 354 339 329 301 352 321 327 321
     [7561] 359 328 320 331 345 354 315 347 322 335 355 323 355 337 340 357 338 341
     [7579] 354 373 327 348 326 266 298 342 342 339 355 317 294 344 364 339 319 328
     [7597] 316 352 313 339 303 359 343 339 335 340 354 343 326 308 327 305 338 356
     [7615] 319 309 318 318 313 320 340 342 276 315 338 323 340 322 350 365 331 288
     [7633] 284 317 355 328 289 342 330 319 336 304 336 349 311 392 339 308 340 343
     [7651] 309 337 335 310 306 329 341 320 331 325 348 293 375 355 305 282 383 321
     [7669] 344 338 327 326 323 295 326 341 360 351 333 324 339 337 325 349 337 303
     [7687] 306 290 333 302 337 344 323 318 317 325 340 326 332 344 324 325 320 330
     [7705] 324 368 326 351 376 369 294 322 331 321 346 305 313 350 336 329 319 326
     [7723] 293 330 319 323 354 333 329 282 337 307 368 317 340 315 355 338 334 349
     [7741] 334 366 334 319 340 314 329 322 377 351 313 335 352 344 355 331 323 321
     [7759] 339 292 329 319 312 350 356 343 362 345 328 326 309 292 308 323 353 339
     [7777] 300 326 322 321 316 310 308 312 343 338 363 317 344 320 332 362 351 367
     [7795] 333 320 324 315 357 338 333 332 317 365 335 353 323 328 359 348 345 305
     [7813] 346 348 338 375 334 332 353 349 320 335 304 346 366 322 350 337 341 303
     [7831] 337 357 320 337 350 336 380 303 338 350 335 323 314 351 301 361 302 353
     [7849] 342 365 322 344 333 333 365 315 320 320 309 329 342 330 351 320 327 362
     [7867] 314 362 333 327 331 343 324 303 323 347 306 321 337 362 322 325 347 314
     [7885] 328 321 340 332 313 349 333 326 338 338 330 311 346 319 324 328 373 318
     [7903] 334 308 355 333 330 334 331 318 331 351 308 325 318 353 362 355 319 344
     [7921] 332 384 340 298 327 293 389 325 306 300 329 347 355 355 372 328 306 277
     [7939] 348 291 349 315 349 328 337 324 318 346 364 310 333 352 310 345 336 396
     [7957] 343 325 319 352 316 283 306 330 319 306 326 296 332 361 298 321 338 342
     [7975] 364 348 316 306 352 336 294 351 315 326 317 329 317 326 371 342 329 305
     [7993] 304 323 351 329 332 327 325 329 305 356 335 321 342 332 352 358 354 323
     [8011] 331 328 323 350 330 365 324 336 320 336 355 350 339 334 319 355 342 352
     [8029] 316 357 309 310 317 343 356 312 311 338 346 314 335 361 303 360 293 347
     [8047] 363 298 346 322 369 338 354 327 355 326 328 358 335 316 349 350 351 337
     [8065] 335 345 344 346 347 318 352 362 341 336 339 332 361 313 322 335 345 311
     [8083] 355 337 347 303 312 350 314 315 309 349 322 360 309 326 385 336 305 305
     [8101] 304 333 327 369 329 332 325 358 342 337 307 341 326 305 352 311 319 360
     [8119] 325 346 338 340 338 352 339 353 373 342 319 303 328 342 329 354 341 313
     [8137] 327 342 383 327 320 352 360 300 376 330 326 335 347 331 350 335 341 340
     [8155] 302 377 317 342 338 302 310 313 325 315 356 310 325 320 311 376 359 321
     [8173] 343 313 330 303 334 317 341 356 314 313 366 376 306 305 357 336 358 325
     [8191] 330 324 392 335 334 338 371 300 342 332 331 311 342 350 318 335 361 347
     [8209] 374 306 315 341 310 315 286 346 345 326 317 282 323 333 311 323 329 379
     [8227] 334 365 328 318 335 339 352 350 353 334 341 354 335 334 349 343 383 375
     [8245] 348 307 294 343 345 338 333 341 284 333 335 316 314 364 324 328 335 374
     [8263] 327 335 321 348 344 343 365 349 338 331 331 317 342 312 305 330 323 316
     [8281] 308 354 286 338 350 339 286 306 353 326 355 332 346 368 343 308 297 329
     [8299] 303 306 339 310 308 336 340 350 328 318 338 326 294 337 322 354 322 347
     [8317] 343 349 327 323 341 303 324 292 326 325 319 322 317 343 320 307 317 334
     [8335] 344 351 355 349 285 353 355 331 325 338 368 342 338 317 332 381 340 338
     [8353] 315 336 340 330 352 358 330 340 368 291 323 354 368 348 342 375 346 376
     [8371] 339 308 359 358 307 335 326 322 338 340 335 315 313 345 352 348 349 350
     [8389] 360 335 361 351 347 334 379 353 368 334 294 313 334 322 360 330 384 312
     [8407] 322 345 365 336 352 315 347 311 391 342 302 357 329 358 321 318 301 324
     [8425] 318 294 319 313 330 323 305 322 346 308 307 340 359 304 344 287 377 310
     [8443] 297 327 387 357 320 328 347 341 346 338 318 327 352 331 326 327 342 315
     [8461] 312 323 329 320 335 328 328 318 328 363 324 325 309 324 334 347 362 332
     [8479] 357 309 377 336 323 317 358 347 312 346 351 304 334 282 369 327 352 338
     [8497] 368 341 333 303 340 354 365 331 328 337 339 345 353 321 336 314 350 287
     [8515] 346 315 295 297 351 345 349 324 275 315 331 332 365 343 338 334 352 329
     [8533] 310 331 336 375 344 371 340 331 298 333 304 311 326 363 327 310 357 329
     [8551] 295 313 345 347 316 312 342 334 348 359 306 343 357 314 339 358 305 328
     [8569] 343 328 320 324 323 380 319 333 310 340 335 302 317 320 379 289 291 337
     [8587] 312 312 320 339 348 325 309 372 306 321 384 319 297 328 324 313 323 370
     [8605] 350 317 312 308 350 334 288 335 318 342 325 309 318 319 318 339 330 331
     [8623] 343 318 341 353 343 302 291 319 318 363 341 352 325 351 318 356 307 334
     [8641] 315 345 309 323 298 313 370 305 345 360 322 320 317 339 347 328 336 353
     [8659] 347 326 356 367 337 336 343 297 344 374 318 338 344 327 323 333 321 300
     [8677] 326 294 379 355 297 352 313 294 352 329 330 346 311 302 357 348 353 303
     [8695] 318 309 326 371 327 334 358 340 289 331 333 328 351 340 337 313 343 341
     [8713] 329 323 355 300 325 310 325 333 318 368 358 338 337 335 349 324 319 324
     [8731] 345 320 347 337 272 316 345 326 337 311 351 308 316 376 335 351 359 331
     [8749] 364 392 310 308 302 351 304 318 321 318 319 301 323 324 320 338 311 320
     [8767] 342 350 303 361 326 336 349 297 322 359 341 314 298 306 356 311 334 345
     [8785] 319 328 332 294 316 354 323 360 335 315 307 329 343 305 338 301 345 337
     [8803] 325 374 323 333 330 323 346 330 314 350 376 331 285 291 363 348 327 286
     [8821] 331 383 347 298 338 324 310 333 331 336 317 332 341 322 299 323 292 317
     [8839] 336 315 326 319 372 325 326 346 373 258 337 307 350 341 388 303 337 308
     [8857] 324 337 330 336 365 337 363 336 331 324 318 364 275 328 333 309 357 358
     [8875] 321 312 322 321 315 333 326 293 323 353 341 382 318 333 335 334 386 324
     [8893] 363 359 335 352 359 333 320 349 315 335 380 332 343 380 306 344 359 328
     [8911] 342 319 332 333 316 326 364 310 350 302 351 345 293 343 287 315 308 310
     [8929] 361 329 356 292 341 332 321 317 343 304 321 301 324 338 342 334 348 357
     [8947] 317 320 349 312 314 355 310 291 338 332 316 306 328 358 317 389 320 338
     [8965] 337 342 312 319 335 297 343 319 319 334 324 345 325 342 351 344 374 342
     [8983] 318 325 347 325 342 353 347 342 318 345 341 329 306 322 313 374 340 351
     [9001] 320 331 331 345 332 330 321 319 377 349 348 335 308 323 287 322 328 328
     [9019] 355 319 340 315 334 333 344 348 342 330 293 372 352 362 336 308 299 311
     [9037] 312 346 317 341 346 328 324 323 323 324 338 342 330 311 329 348 328 362
     [9055] 348 328 302 305 353 323 328 331 349 383 354 315 333 327 303 313 351 309
     [9073] 315 322 319 332 308 311 320 326 306 308 320 351 345 293 322 317 340 341
     [9091] 298 337 333 336 333 338 303 313 328 362 326 318 298 345 323 294 317 348
     [9109] 356 358 319 313 368 341 317 379 341 339 317 346 297 344 284 357 281 357
     [9127] 355 282 295 327 326 345 353 356 322 348 324 327 339 367 319 321 342 356
     [9145] 340 354 349 309 357 317 353 319 348 320 318 331 333 348 314 374 343 328
     [9163] 379 337 325 334 320 337 326 339 306 308 354 311 361 323 337 286 327 350
     [9181] 328 356 332 343 319 323 324 333 327 346 321 348 353 351 322 334 327 317
     [9199] 289 335 385 332 356 341 284 344 315 369 349 328 339 373 328 299 363 335
     [9217] 319 301 331 343 332 318 282 362 391 343 310 337 344 320 371 303 323 298
     [9235] 358 326 328 358 315 313 357 313 327 306 328 366 359 328 367 290 335 349
     [9253] 396 333 328 304 355 291 331 316 324 338 354 327 330 315 304 300 294 325
     [9271] 325 336 339 384 315 331 312 323 322 348 323 311 392 320 322 341 321 326
     [9289] 346 340 359 368 356 324 342 320 331 292 328 302 332 292 323 292 313 326
     [9307] 338 359 312 312 324 351 354 292 340 368 317 337 304 318 347 320 275 350
     [9325] 363 325 323 331 297 301 304 354 326 364 359 339 336 344 328 393 335 337
     [9343] 331 322 331 341 325 364 305 324 369 329 316 383 340 338 329 321 303 356
     [9361] 351 328 339 340 352 359 306 305 340 345 281 361 343 327 340 336 336 395
     [9379] 342 376 340 333 316 340 341 352 318 346 275 285 362 347 356 311 369 348
     [9397] 320 382 362 337 346 323 332 317 290 308 349 342 338 356 360 319 354 381
     [9415] 325 358 332 350 318 332 343 335 324 308 320 295 340 324 319 321 352 328
     [9433] 369 361 287 341 339 343 356 344 327 327 315 324 301 337 352 323 343 355
     [9451] 307 330 374 342 325 345 314 314 327 350 341 351 327 362 294 350 334 310
     [9469] 347 340 299 321 371 332 345 321 368 339 326 303 326 333 357 335 328 326
     [9487] 315 354 353 298 339 349 329 332 299 329 349 329 332 318 305 336 320 309
     [9505] 328 351 312 349 362 320 333 341 367 333 335 346 322 336 307 293 357 297
     [9523] 343 331 318 354 334 315 289 342 318 302 282 353 309 320 319 352 339 339
     [9541] 329 330 347 360 300 320 347 304 368 337 353 377 315 353 322 357 347 356
     [9559] 385 336 355 372 327 364 348 360 314 394 335 331 366 335 302 348 332 341
     [9577] 299 323 337 337 339 369 352 342 336 315 336 343 333 367 337 358 324 317
     [9595] 351 304 328 332 312 342 327 361 348 298 346 335 314 342 403 336 310 374
     [9613] 339 303 347 338 350 334 339 310 360 343 335 382 325 304 341 346 358 332
     [9631] 306 312 351 323 329 372 314 352 338 324 333 326 297 327 320 317 316 340
     [9649] 347 302 343 310 347 322 333 310 330 343 359 298 334 372 359 333 336 376
     [9667] 355 321 363 321 331 309 328 309 359 385 328 327 306 330 369 344 311 318
     [9685] 323 326 320 351 362 325 310 355 332 340 316 317 319 332 316 341 330 342
     [9703] 355 324 310 350 348 356 334 367 285 300 311 341 316 312 327 359 323 321
     [9721] 329 320 342 329 308 335 327 356 300 356 344 308 335 305 317 316 319 326
     [9739] 329 329 328 360 325 300 344 321 316 293 322 293 320 326 336 308 351 327
     [9757] 350 344 332 338 354 299 304 343 364 324 307 377 331 324 314 357 326 315
     [9775] 351 317 316 333 340 298 327 363 355 342 326 346 316 320 340 332 329 368
     [9793] 314 339 323 323 352 329 321 347 338 349 337 312 365 351 311 319 316 330
     [9811] 356 357 373 319 360 327 338 333 322 369 332 338 326 322 290 366 312 302
     [9829] 294 298 325 344 317 357 324 350 334 307 330 337 344 348 335 332 319 384
     [9847] 295 358 351 373 310 359 347 325 324 338 324 319 317 274 354 330 345 320
     [9865] 335 355 337 326 325 321 339 359 332 339 353 342 321 349 330 310 326 336
     [9883] 358 347 322 320 317 324 367 337 333 308 404 313 401 327 345 368 328 333
     [9901] 353 319 313 353 330 325 324 343 370 348 310 315 362 318 322 341 322 346
     [9919] 343 349 341 356 325 336 342 337 316 324 309 310 333 332 296 347 326 339
     [9937] 308 345 336 295 314 343 366 310 300 356 353 332 299 345 350 320 325 347
     [9955] 345 349 301 353 283 309 381 326 361 287 288 296 356 319 354 335 337 304
     [9973] 341 343 342 317 334 317 341 327 321 368 329 362 320 353 325 325 360 315
     [9991] 331 380 340 321 312 298 362 331 317 326
    
    > accrual.n.plot(n=300, T=36, P=0.5, m=100, tm=10, Tp=36, Method="Informative Prior")
    [[1]]
    [1] "2.5%= 292"
    
    [[2]]
    [1] "50%= 332"
    
    [[3]]
    [1] "97.5%= 375"
    
    > accrual.T.plot(n=300, T=36, P=0.5, m=100, tm=10, np=300, Method="Informative Prior")
    [[1]]
    [1] "2.5%= 28.577"
    
    [[2]]
    [1] "50%= 32.393"
    
    [[3]]
    [1] "97.5%= 36.958"
    
    > accrual.gui()
Flavor: r-devel-windows-ix86+x86_64

Version: 1.3
Check: whether package can be installed
Result: FAIL
Flavor: r-oldrel-osx-x86_64