CRAN Package Check Results for Package accessrmd

Last updated on 2022-09-28 18:48:49 CEST.

Flavor Version Tinstall Tcheck Ttotal Status Flags
r-devel-linux-x86_64-debian-clang 1.0.0 5.62 77.93 83.55 OK
r-devel-linux-x86_64-debian-gcc 1.0.0 5.61 56.62 62.23 OK
r-devel-linux-x86_64-fedora-clang 1.0.0 114.91 OK
r-devel-linux-x86_64-fedora-gcc 1.0.0 111.76 OK
r-devel-windows-x86_64 1.0.0 24.00 112.00 136.00 OK
r-patched-linux-x86_64 1.0.0 6.83 71.11 77.94 OK
r-release-linux-x86_64 1.0.0 6.17 70.42 76.59 OK
r-release-macos-arm64 1.0.0 38.00 OK
r-release-macos-x86_64 1.0.0 53.00 NOTE
r-release-windows-x86_64 1.0.0 20.00 109.00 129.00 OK
r-oldrel-macos-arm64 1.0.0 34.00 OK
r-oldrel-macos-x86_64 1.0.0 49.00 OK
r-oldrel-windows-ix86+x86_64 1.0.0 18.00 97.00 115.00 OK

Check Details

Version: 1.0.0
Check: package dependencies
Result: NOTE
    Package suggested but not available for checking: ‘testthat’
Flavor: r-release-macos-x86_64