Last updated on 2022-08-12 06:49:13 CEST.
Flavor | Version | Tinstall | Tcheck | Ttotal | Status | Flags |
---|---|---|---|---|---|---|
r-devel-linux-x86_64-debian-clang | 0.1.0 | 5.80 | 72.56 | 78.36 | NOTE | |
r-devel-linux-x86_64-debian-gcc | 0.1.0 | 4.42 | 53.66 | 58.08 | NOTE | |
r-devel-linux-x86_64-fedora-clang | 0.1.0 | 109.54 | NOTE | |||
r-devel-linux-x86_64-fedora-gcc | 0.1.0 | 105.99 | NOTE | |||
r-devel-windows-x86_64 | 0.1.0 | 13.00 | 222.00 | 235.00 | NOTE | |
r-patched-linux-x86_64 | 0.1.0 | 6.02 | 67.37 | 73.39 | NOTE | |
r-release-linux-x86_64 | 0.1.0 | 6.16 | 68.20 | 74.36 | NOTE | |
r-release-macos-arm64 | 0.1.0 | 33.00 | NOTE | |||
r-release-macos-x86_64 | 0.1.0 | 54.00 | NOTE | |||
r-release-windows-x86_64 | 0.1.0 | 16.00 | 201.00 | 217.00 | NOTE | |
r-oldrel-macos-arm64 | 0.1.0 | 35.00 | NOTE | |||
r-oldrel-macos-x86_64 | 0.1.0 | 61.00 | NOTE | |||
r-oldrel-windows-ix86+x86_64 | 0.1.0 | 19.00 | 95.00 | 114.00 | NOTE |
Version: 0.1.0
Check: LazyData
Result: NOTE
'LazyData' is specified without a 'data' directory
Flavors: r-devel-linux-x86_64-debian-clang, r-devel-linux-x86_64-debian-gcc, r-devel-linux-x86_64-fedora-clang, r-devel-linux-x86_64-fedora-gcc, r-devel-windows-x86_64, r-patched-linux-x86_64, r-release-linux-x86_64, r-release-macos-arm64, r-release-macos-x86_64, r-release-windows-x86_64, r-oldrel-macos-arm64, r-oldrel-macos-x86_64, r-oldrel-windows-ix86+x86_64