CRAN Package Check Results for Package aTSA

Last updated on 2022-09-30 12:55:03 CEST.

Flavor Version Tinstall Tcheck Ttotal Status Flags
r-devel-linux-x86_64-debian-clang 3.1.2 3.85 40.29 44.14 NOTE
r-devel-linux-x86_64-debian-gcc 3.1.2 3.72 30.34 34.06 NOTE
r-devel-linux-x86_64-fedora-clang 3.1.2 68.37 NOTE
r-devel-linux-x86_64-fedora-gcc 3.1.2 65.83 NOTE
r-devel-windows-x86_64 3.1.2 13.00 60.00 73.00 OK
r-patched-linux-x86_64 3.1.2 5.71 37.13 42.84 NOTE
r-release-linux-x86_64 3.1.2 4.45 37.01 41.46 NOTE
r-release-macos-arm64 3.1.2 18.00 OK
r-release-macos-x86_64 3.1.2 25.00 OK
r-release-windows-x86_64 3.1.2 10.00 52.00 62.00 OK
r-oldrel-macos-arm64 3.1.2 21.00 OK
r-oldrel-macos-x86_64 3.1.2 32.00 OK
r-oldrel-windows-ix86+x86_64 3.1.2 8.00 42.00 50.00 OK

Check Details

Version: 3.1.2
Check: Rd cross-references
Result: NOTE
    Unknown package 'snpar' in Rd xrefs
Flavors: r-devel-linux-x86_64-debian-clang, r-devel-linux-x86_64-debian-gcc, r-devel-linux-x86_64-fedora-gcc, r-patched-linux-x86_64, r-release-linux-x86_64

Version: 3.1.2
Check: Rd cross-references
Result: NOTE
    Undeclared package ‘snpar’ in Rd xrefs
    Unknown package ‘snpar’ in Rd xrefs
Flavor: r-devel-linux-x86_64-fedora-clang