CRAN Package Check Results for Package aRtsy

Last updated on 2022-09-26 06:51:06 CEST.

Flavor Version Tinstall Tcheck Ttotal Status Flags
r-devel-linux-x86_64-debian-clang 0.1.8 233.21 151.81 385.02 OK
r-devel-linux-x86_64-debian-gcc 0.1.8 179.47 110.74 290.21 OK
r-devel-linux-x86_64-fedora-clang 0.1.8 550.94 OK
r-devel-linux-x86_64-fedora-gcc 0.1.8 520.60 OK
r-devel-windows-x86_64 0.1.8 182.00 224.00 406.00 OK
r-patched-linux-x86_64 0.1.8 189.03 141.84 330.87 OK
r-release-linux-x86_64 0.1.8 207.54 143.78 351.32 OK
r-release-macos-arm64 0.1.8 127.00 NOTE
r-release-macos-x86_64 0.1.8 175.00 OK
r-release-windows-x86_64 0.1.8 189.00 218.00 407.00 OK
r-oldrel-macos-arm64 0.1.8 142.00 NOTE
r-oldrel-macos-x86_64 0.1.8 168.00 OK
r-oldrel-windows-ix86+x86_64 0.1.8 587.00 361.00 948.00 OK

Check Details

Version: 0.1.8
Check: installed package size
Result: NOTE
     installed size is 5.0Mb
     sub-directories of 1Mb or more:
     libs 4.6Mb
Flavors: r-release-macos-arm64, r-oldrel-macos-arm64