Last updated on 2023-10-02 19:11:25 CEST.
Flavor | Version | Tinstall | Tcheck | Ttotal | Status | Flags |
---|---|---|---|---|---|---|
r-devel-linux-x86_64-debian-clang | 2.1.2 | 140.72 | 111.66 | 252.38 | OK | |
r-devel-linux-x86_64-debian-gcc | 2.1.2 | 88.13 | 83.67 | 171.80 | OK | |
r-devel-linux-x86_64-fedora-clang | 2.1.2 | 322.90 | OK | |||
r-devel-linux-x86_64-fedora-gcc | 2.1.2 | 337.36 | OK | |||
r-devel-windows-x86_64 | 2.1.2 | 90.00 | 119.00 | 209.00 | OK | |
r-patched-linux-x86_64 | 2.1.2 | 123.46 | 108.31 | 231.77 | OK | |
r-release-linux-x86_64 | 2.1.2 | 120.49 | 107.57 | 228.06 | OK | |
r-release-macos-arm64 | 2.1.2 | 89.00 | NOTE | |||
r-release-macos-x86_64 | 2.1.2 | 143.00 | NOTE | |||
r-release-windows-x86_64 | 2.1.2 | 113.00 | 143.00 | 256.00 | OK | |
r-oldrel-macos-arm64 | 2.1.2 | 93.00 | NOTE | |||
r-oldrel-macos-x86_64 | 2.1.2 | 108.00 | NOTE | |||
r-oldrel-windows-x86_64 | 2.1.2 | 107.00 | 128.00 | 235.00 | OK |
Version: 2.1.2
Check: installed package size
Result: NOTE
installed size is 10.6Mb
sub-directories of 1Mb or more:
libs 10.3Mb
Flavors: r-release-macos-arm64, r-release-macos-x86_64, r-oldrel-macos-arm64, r-oldrel-macos-x86_64
Version: 2.1.2
Check: package dependencies
Result: NOTE
Package suggested but not available for checking: ‘partitions’
Flavor: r-release-macos-x86_64