CRAN Package Check Results for Package ZVCV

Last updated on 2022-10-02 06:52:26 CEST.

Flavor Version Tinstall Tcheck Ttotal Status Flags
r-devel-linux-x86_64-debian-clang 2.1.1 134.95 116.10 251.05 WARN
r-devel-linux-x86_64-debian-gcc 2.1.1 99.22 86.74 185.96 OK
r-devel-linux-x86_64-fedora-clang 2.1.1 348.14 WARN
r-devel-linux-x86_64-fedora-gcc 2.1.1 321.62 OK
r-devel-windows-x86_64 2.1.1 87.00 158.00 245.00 OK
r-patched-linux-x86_64 2.1.1 99.17 108.04 207.21 OK
r-release-linux-x86_64 2.1.1 102.31 106.94 209.25 OK
r-release-macos-arm64 2.1.1 77.00 NOTE
r-release-macos-x86_64 2.1.1 135.00 NOTE
r-release-windows-x86_64 2.1.1 96.00 155.00 251.00 OK
r-oldrel-macos-arm64 2.1.1 88.00 NOTE
r-oldrel-macos-x86_64 2.1.1 94.00 NOTE
r-oldrel-windows-ix86+x86_64 2.1.1 269.00 183.00 452.00 OK

Additional issues

clang14

Check Details

Version: 2.1.1
Check: whether package can be installed
Result: WARN
    Found the following significant warnings:
     fnToExport.cpp:415:8: warning: use of bitwise '&' with boolean operands [-Wbitwise-instead-of-logical]
Flavors: r-devel-linux-x86_64-debian-clang, r-devel-linux-x86_64-fedora-clang

Version: 2.1.1
Check: installed package size
Result: NOTE
     installed size is 10.6Mb
     sub-directories of 1Mb or more:
     libs 10.3Mb
Flavors: r-release-macos-arm64, r-release-macos-x86_64, r-oldrel-macos-arm64, r-oldrel-macos-x86_64