CRAN Package Check Results for Package ZOIP

Last updated on 2020-10-30 07:50:11 CET.

Flavor Version Tinstall Tcheck Ttotal Status Flags
r-devel-linux-x86_64-debian-clang 0.1 4.90 36.08 40.98 OK
r-devel-linux-x86_64-debian-gcc 0.1 3.32 27.59 30.91 OK
r-devel-linux-x86_64-fedora-clang 0.1 56.89 NOTE
r-devel-linux-x86_64-fedora-gcc 0.1 46.91 NOTE
r-devel-windows-ix86+x86_64 0.1 8.00 55.00 63.00 OK
r-patched-linux-x86_64 0.1 3.89 34.11 38.00 OK
r-patched-solaris-x86 0.1 67.50 NOTE
r-release-linux-x86_64 0.1 3.97 33.96 37.93 OK
r-release-macos-x86_64 0.1 NOTE
r-release-windows-ix86+x86_64 0.1 6.00 56.00 62.00 OK
r-oldrel-macos-x86_64 0.1 NOTE
r-oldrel-windows-ix86+x86_64 0.1 11.00 49.00 60.00 OK

Check Details

Version: 0.1
Check: dependencies in R code
Result: NOTE
    Namespace in Imports field not imported from: ‘boot’
     All declared Imports should be used.
Flavors: r-devel-linux-x86_64-fedora-clang, r-devel-linux-x86_64-fedora-gcc, r-patched-solaris-x86, r-release-macos-x86_64, r-oldrel-macos-x86_64