CRAN Package Check Results for Package YPPE

Last updated on 2022-09-26 06:51:27 CEST.

Flavor Version Tinstall Tcheck Ttotal Status Flags
r-devel-linux-x86_64-debian-clang 1.0.1 233.86 194.38 428.24 NOTE
r-devel-linux-x86_64-debian-gcc 1.0.1 224.32 148.19 372.51 NOTE
r-devel-linux-x86_64-fedora-clang 1.0.1 526.47 NOTE
r-devel-linux-x86_64-fedora-gcc 1.0.1 628.48 NOTE
r-devel-windows-x86_64 1.0.1 171.00 238.00 409.00 NOTE
r-patched-linux-x86_64 1.0.1 233.78 194.50 428.28 NOTE
r-release-linux-x86_64 1.0.1 188.05 193.94 381.99 NOTE
r-release-macos-arm64 1.0.1 131.00 NOTE
r-release-macos-x86_64 1.0.1 243.00 NOTE
r-release-windows-x86_64 1.0.1 405.00 239.00 644.00 NOTE
r-oldrel-macos-arm64 1.0.1 163.00 NOTE
r-oldrel-macos-x86_64 1.0.1 295.00 NOTE
r-oldrel-windows-ix86+x86_64 1.0.1 535.00 350.00 885.00 NOTE

Check Details

Version: 1.0.1
Check: for GNU extensions in Makefiles
Result: NOTE
    GNU make is a SystemRequirements.
Flavors: r-devel-linux-x86_64-debian-clang, r-devel-linux-x86_64-debian-gcc, r-devel-linux-x86_64-fedora-clang, r-devel-linux-x86_64-fedora-gcc, r-devel-windows-x86_64, r-patched-linux-x86_64, r-release-linux-x86_64, r-release-macos-arm64, r-release-macos-x86_64, r-release-windows-x86_64, r-oldrel-macos-arm64, r-oldrel-macos-x86_64, r-oldrel-windows-ix86+x86_64

Version: 1.0.1
Check: dependencies in R code
Result: NOTE
    Namespace in Imports field not imported from: ‘rstantools’
     All declared Imports should be used.
Flavors: r-devel-linux-x86_64-fedora-clang, r-devel-linux-x86_64-fedora-gcc, r-release-macos-arm64, r-release-macos-x86_64, r-oldrel-macos-arm64, r-oldrel-macos-x86_64

Version: 1.0.1
Check: installed package size
Result: NOTE
     installed size is 42.1Mb
     sub-directories of 1Mb or more:
     libs 41.8Mb
Flavors: r-release-macos-arm64, r-release-macos-x86_64, r-oldrel-macos-arm64, r-oldrel-macos-x86_64, r-oldrel-windows-ix86+x86_64