CRAN Package Check Results for Package YPBP

Last updated on 2022-10-05 18:49:16 CEST.

Flavor Version Tinstall Tcheck Ttotal Status Flags
r-devel-linux-x86_64-debian-clang 0.0.1 245.50 168.41 413.91 NOTE
r-devel-linux-x86_64-debian-gcc 0.0.1 219.11 134.66 353.77 NOTE
r-devel-linux-x86_64-fedora-clang 0.0.1 516.77 NOTE
r-devel-linux-x86_64-fedora-gcc 0.0.1 605.12 NOTE
r-devel-windows-x86_64 0.0.1 163.00 226.00 389.00 NOTE
r-patched-linux-x86_64 0.0.1 223.03 172.35 395.38 NOTE
r-release-linux-x86_64 0.0.1 209.33 173.40 382.73 NOTE
r-release-macos-arm64 0.0.1 127.00 NOTE
r-release-macos-x86_64 0.0.1 233.00 NOTE
r-release-windows-x86_64 0.0.1 355.00 219.00 574.00 NOTE
r-oldrel-macos-arm64 0.0.1 159.00 NOTE
r-oldrel-macos-x86_64 0.0.1 289.00 NOTE
r-oldrel-windows-ix86+x86_64 0.0.1 547.00 297.00 844.00 NOTE

Check Details

Version: 0.0.1
Check: for GNU extensions in Makefiles
Result: NOTE
    GNU make is a SystemRequirements.
Flavors: r-devel-linux-x86_64-debian-clang, r-devel-linux-x86_64-debian-gcc, r-devel-linux-x86_64-fedora-clang, r-devel-linux-x86_64-fedora-gcc, r-devel-windows-x86_64, r-patched-linux-x86_64, r-release-linux-x86_64, r-release-macos-arm64, r-release-macos-x86_64, r-release-windows-x86_64, r-oldrel-macos-arm64, r-oldrel-macos-x86_64, r-oldrel-windows-ix86+x86_64

Version: 0.0.1
Check: dependencies in R code
Result: NOTE
    Namespace in Imports field not imported from: ‘rstantools’
     All declared Imports should be used.
Flavors: r-devel-linux-x86_64-fedora-clang, r-devel-linux-x86_64-fedora-gcc, r-release-macos-arm64, r-release-macos-x86_64, r-oldrel-macos-arm64, r-oldrel-macos-x86_64

Version: 0.0.1
Check: installed package size
Result: NOTE
     installed size is 43.0Mb
     sub-directories of 1Mb or more:
     libs 42.7Mb
Flavors: r-release-macos-arm64, r-release-macos-x86_64, r-oldrel-macos-arm64, r-oldrel-macos-x86_64, r-oldrel-windows-ix86+x86_64