CRAN Package Check Results for Package Xplortext

Last updated on 2020-08-05 13:49:42 CEST.

Flavor Version Tinstall Tcheck Ttotal Status Flags
r-devel-linux-x86_64-debian-clang 1.3.2 18.43 109.05 127.48 OK
r-devel-linux-x86_64-debian-gcc 1.3.2 14.64 79.70 94.34 OK
r-devel-linux-x86_64-fedora-clang 1.3.2 154.10 NOTE
r-devel-linux-x86_64-fedora-gcc 1.3.2 146.47 NOTE
r-devel-windows-ix86+x86_64 1.3.2 47.00 117.00 164.00 OK
r-patched-linux-x86_64 1.3.2 13.44 105.23 118.67 OK
r-patched-solaris-x86 1.3.2 195.00 NOTE
r-release-linux-x86_64 1.3.2 17.50 105.10 122.60 OK
r-release-macos-x86_64 1.3.2 NOTE
r-release-windows-ix86+x86_64 1.3.2 48.00 125.00 173.00 OK
r-oldrel-macos-x86_64 1.3.2 NOTE
r-oldrel-windows-ix86+x86_64 1.3.2 25.00 103.00 128.00 OK

Check Details

Version: 1.3.2
Check: dependencies in R code
Result: NOTE
    Namespace in Imports field not imported from: ‘ggdendro’
     All declared Imports should be used.
Flavors: r-devel-linux-x86_64-fedora-clang, r-devel-linux-x86_64-fedora-gcc, r-patched-solaris-x86, r-release-macos-x86_64, r-oldrel-macos-x86_64