CRAN Package Check Results for Package XML

Last updated on 2020-06-01 13:49:54 CEST.

Flavor Version Tinstall Tcheck Ttotal Status Flags
r-devel-linux-x86_64-debian-clang 3.99-0.3 24.92 79.34 104.26 OK
r-devel-linux-x86_64-debian-gcc 3.99-0.3 21.11 58.84 79.95 OK
r-devel-linux-x86_64-fedora-clang 3.99-0.3 133.63 OK
r-devel-linux-x86_64-fedora-gcc 3.99-0.3 122.55 OK
r-devel-windows-ix86+x86_64 3.99-0.3 56.00 151.00 207.00 WARN
r-patched-linux-x86_64 3.99-0.3 24.67 78.26 102.93 OK
r-patched-solaris-x86 3.99-0.3 193.40 OK
r-release-linux-x86_64 3.99-0.3 25.16 78.63 103.79 OK
r-release-osx-x86_64 3.99-0.3 NOTE
r-release-windows-ix86+x86_64 3.99-0.3 51.00 118.00 169.00 WARN
r-oldrel-osx-x86_64 3.99-0.3 OK
r-oldrel-windows-ix86+x86_64 3.99-0.3 53.00 113.00 166.00 NOTE

Additional issues

valgrind

Check Details

Version: 3.99-0.3
Check: whether package can be installed
Result: WARN
    Found the following significant warnings:
     RSDTD.c:298:23: warning: passing argument 2 of 'xmlHashScan' from incompatible pointer type [-Wincompatible-pointer-types]
     RSDTD.c:372:23: warning: passing argument 2 of 'xmlHashScan' from incompatible pointer type [-Wincompatible-pointer-types]
Flavors: r-devel-windows-ix86+x86_64, r-release-windows-ix86+x86_64

Version: 3.99-0.3
Check: installed package size
Result: NOTE
     installed size is 7.2Mb
     sub-directories of 1Mb or more:
     exampleData 1.4Mb
     libs 4.2Mb
Flavors: r-devel-windows-ix86+x86_64, r-release-osx-x86_64, r-release-windows-ix86+x86_64, r-oldrel-windows-ix86+x86_64