CRAN Package Check Results for Package XLConnect

Last updated on 2022-08-11 00:51:09 CEST.

Flavor Version Tinstall Tcheck Ttotal Status Flags
r-devel-linux-x86_64-debian-clang 1.0.5 10.80 164.64 175.44 OK
r-devel-linux-x86_64-debian-gcc 1.0.5 9.33 127.62 136.95 OK
r-devel-linux-x86_64-fedora-clang 1.0.5 206.92 NOTE
r-devel-linux-x86_64-fedora-gcc 1.0.5 207.99 OK
r-devel-windows-x86_64 1.0.5 242.00 278.00 520.00 NOTE
r-patched-linux-x86_64 1.0.5 14.11 161.02 175.13 OK
r-release-linux-x86_64 1.0.5 OK
r-release-macos-arm64 1.0.5 77.00 NOTE
r-release-macos-x86_64 1.0.5 106.00 NOTE
r-release-windows-x86_64 1.0.5 275.00 285.00 560.00 NOTE
r-oldrel-macos-arm64 1.0.5 83.00 NOTE
r-oldrel-macos-x86_64 1.0.5 109.00 NOTE
r-oldrel-windows-ix86+x86_64 1.0.5 37.00 225.00 262.00 NOTE

Check Details

Version: 1.0.5
Check: installed package size
Result: NOTE
     installed size is 36.5Mb
     sub-directories of 1Mb or more:
     java 34.2Mb
Flavors: r-devel-linux-x86_64-fedora-clang, r-devel-windows-x86_64, r-release-macos-arm64, r-release-macos-x86_64, r-release-windows-x86_64, r-oldrel-macos-arm64, r-oldrel-macos-x86_64, r-oldrel-windows-ix86+x86_64