Last updated on 2023-09-29 18:54:50 CEST.
Flavor | Version | Tinstall | Tcheck | Ttotal | Status | Flags |
---|---|---|---|---|---|---|
r-devel-linux-x86_64-debian-clang | 1.2.1 | 136.03 | 63.04 | 199.07 | NOTE | |
r-devel-linux-x86_64-debian-gcc | 1.2.1 | 87.16 | 47.73 | 134.89 | NOTE | |
r-devel-linux-x86_64-fedora-clang | 1.2.1 | 288.62 | NOTE | |||
r-devel-linux-x86_64-fedora-gcc | 1.2.1 | 293.33 | NOTE | |||
r-devel-windows-x86_64 | 1.2.1 | 98.00 | 88.00 | 186.00 | NOTE | |
r-patched-linux-x86_64 | 1.2.1 | 125.36 | 63.31 | 188.67 | NOTE | |
r-release-linux-x86_64 | 1.2.1 | 122.27 | 64.65 | 186.92 | NOTE | |
r-release-macos-arm64 | 1.2.1 | 59.00 | NOTE | |||
r-release-macos-x86_64 | 1.2.1 | 119.00 | NOTE | |||
r-release-windows-x86_64 | 1.2.1 | 132.00 | 104.00 | 236.00 | NOTE | |
r-oldrel-macos-arm64 | 1.2.1 | 62.00 | OK | |||
r-oldrel-macos-x86_64 | 1.2.1 | 75.00 | OK | |||
r-oldrel-windows-x86_64 | 1.2.1 | 126.00 | 99.00 | 225.00 | OK |
Version: 1.2.1
Check: C++ specification
Result: NOTE
Specified C++11: please drop specification unless essential
Flavors: r-devel-linux-x86_64-debian-clang, r-devel-linux-x86_64-debian-gcc, r-devel-linux-x86_64-fedora-clang, r-devel-linux-x86_64-fedora-gcc, r-devel-windows-x86_64, r-patched-linux-x86_64, r-release-linux-x86_64, r-release-macos-arm64, r-release-macos-x86_64, r-release-windows-x86_64