Last updated on 2022-08-13 18:51:16 CEST.
Flavor | Version | Tinstall | Tcheck | Ttotal | Status | Flags |
---|---|---|---|---|---|---|
r-devel-linux-x86_64-debian-clang | 0.1.3 | 123.13 | 67.76 | 190.89 | OK | |
r-devel-linux-x86_64-debian-gcc | 0.1.3 | 104.45 | 51.34 | 155.79 | OK | |
r-devel-linux-x86_64-fedora-clang | 0.1.3 | 306.63 | OK | |||
r-devel-linux-x86_64-fedora-gcc | 0.1.3 | 269.78 | OK | |||
r-devel-windows-x86_64 | 0.1.3 | 103.00 | 115.00 | 218.00 | OK | |
r-patched-linux-x86_64 | 0.1.3 | 116.93 | 63.04 | 179.97 | OK | |
r-release-linux-x86_64 | 0.1.3 | 115.26 | 63.96 | 179.22 | OK | |
r-release-macos-arm64 | 0.1.3 | 69.00 | NOTE | |||
r-release-macos-x86_64 | 0.1.3 | 97.00 | NOTE | |||
r-release-windows-x86_64 | 0.1.3 | 124.00 | 116.00 | 240.00 | OK | |
r-oldrel-macos-arm64 | 0.1.3 | 75.00 | NOTE | |||
r-oldrel-macos-x86_64 | 0.1.3 | 85.00 | NOTE | |||
r-oldrel-windows-ix86+x86_64 | 0.1.3 | 333.00 | 119.00 | 452.00 | OK |
Version: 0.1.3
Check: installed package size
Result: NOTE
installed size is 5.1Mb
sub-directories of 1Mb or more:
libs 5.0Mb
Flavors: r-release-macos-arm64, r-release-macos-x86_64, r-oldrel-macos-arm64, r-oldrel-macos-x86_64