Last updated on 2023-01-30 12:55:34 CET.
Flavor | Version | Tinstall | Tcheck | Ttotal | Status | Flags |
---|---|---|---|---|---|---|
r-devel-linux-x86_64-debian-clang | 1.3.2 | 6.32 | 262.02 | 268.34 | OK | |
r-devel-linux-x86_64-debian-gcc | 1.3.2 | 4.64 | 183.24 | 187.88 | OK | |
r-devel-linux-x86_64-fedora-clang | 1.3.2 | 319.24 | OK | |||
r-devel-linux-x86_64-fedora-gcc | 1.3.2 | 319.09 | OK | |||
r-devel-windows-x86_64 | 1.3.2 | 11.00 | 296.00 | 307.00 | OK | |
r-patched-linux-x86_64 | 1.3.2 | 5.44 | 247.00 | 252.44 | OK | |
r-release-linux-x86_64 | 1.3.2 | 5.51 | 253.53 | 259.04 | OK | |
r-release-macos-arm64 | 1.3.2 | 78.00 | OK | |||
r-release-macos-x86_64 | 1.3.2 | 114.00 | OK | |||
r-release-windows-x86_64 | 1.3.2 | 23.00 | 304.00 | 327.00 | OK | |
r-oldrel-macos-arm64 | 1.3.2 | 79.00 | OK | |||
r-oldrel-macos-x86_64 | 1.3.2 | 119.00 | OK | |||
r-oldrel-windows-ix86+x86_64 | 1.3.2 | 11.00 | 301.00 | 312.00 | ERROR |
Version: 1.3.2
Check: re-building of vignette outputs
Result: WARN
Error(s) in re-building vignettes:
--- re-building 'vignette.Rmd' using rmarkdown
! Package inputenc Error: Unicode char â<c2><80><c2><90> (U+2010)
(inputenc) not set up for use with LaTeX.
Error: processing vignette 'vignette.Rmd' failed with diagnostics:
LaTeX failed to compile d:/RCompile/CRANpkg/local/4.1/WINS.Rcheck/vign_test/WINS/vignettes/vignette.tex. See https://yihui.org/tinytex/r/#debugging for debugging tips. See vignette.log for more info.
--- failed re-building 'vignette.Rmd'
SUMMARY: processing the following file failed:
'vignette.Rmd'
Error: Vignette re-building failed.
Execution halted
Flavor: r-oldrel-windows-ix86+x86_64
Version: 1.3.2
Check: PDF version of manual
Result: WARN
LaTeX errors when creating PDF version.
This typically indicates Rd problems.
LaTeX errors found:
! Package inputenc Error: Unicode char â<c2><80><c2><90> (U+2010)
(inputenc) not set up for use with LaTeX.
See the inputenc package documentation for explanation.
Type H <return> for immediate help.
! Package inputenc Error: Unicode char â<c2><80><c2><90> (U+2010)
(inputenc) not set up for use with LaTeX.
See the inputenc package documentation for explanation.
Type H <return> for immediate help.
Flavor: r-oldrel-windows-ix86+x86_64
Version: 1.3.2
Check: PDF version of manual without hyperrefs or index
Result: ERROR
Flavor: r-oldrel-windows-ix86+x86_64