CRAN Package Check Results for Package W3CMarkupValidator

Last updated on 2022-10-04 07:50:03 CEST.

Flavor Version Tinstall Tcheck Ttotal Status Flags
r-devel-linux-x86_64-debian-clang 0.1-6 1.61 25.09 26.70 OK
r-devel-linux-x86_64-debian-gcc 0.1-6 1.82 19.82 21.64 OK
r-devel-linux-x86_64-fedora-clang 0.1-6 46.04 NOTE
r-devel-linux-x86_64-fedora-gcc 0.1-6 45.16 OK
r-devel-windows-x86_64 0.1-6 28.00 51.00 79.00 OK
r-patched-linux-x86_64 0.1-6 2.51 24.51 27.02 OK
r-release-linux-x86_64 0.1-6 1.75 24.37 26.12 OK
r-release-macos-arm64 0.1-6 15.00 OK
r-release-macos-x86_64 0.1-6 25.00 OK
r-release-windows-x86_64 0.1-6 42.00 50.00 92.00 OK
r-oldrel-macos-arm64 0.1-6 19.00 OK
r-oldrel-macos-x86_64 0.1-6 28.00 OK
r-oldrel-windows-ix86+x86_64 0.1-6 5.00 49.00 54.00 OK

Check Details

Version: 0.1-6
Check: Rd cross-references
Result: NOTE
    Undeclared package ‘RCurl’ in Rd xrefs
Flavor: r-devel-linux-x86_64-fedora-clang