Last updated on 2023-09-29 12:57:13 CEST.
Flavor | Version | Tinstall | Tcheck | Ttotal | Status | Flags |
---|---|---|---|---|---|---|
r-devel-linux-x86_64-debian-clang | 0.1-7 | 2.36 | 24.44 | 26.80 | OK | |
r-devel-linux-x86_64-debian-gcc | 0.1-7 | 1.94 | 19.35 | 21.29 | OK | |
r-devel-linux-x86_64-fedora-clang | 0.1-7 | 33.18 | NOTE | |||
r-devel-linux-x86_64-fedora-gcc | 0.1-7 | 34.20 | OK | |||
r-devel-windows-x86_64 | 0.1-7 | 2.00 | 43.00 | 45.00 | OK | |
r-patched-linux-x86_64 | 0.1-7 | 2.06 | 24.05 | 26.11 | OK | |
r-release-linux-x86_64 | 0.1-7 | 2.36 | 24.30 | 26.66 | OK | |
r-release-macos-arm64 | 0.1-7 | 22.00 | OK | |||
r-release-macos-x86_64 | 0.1-7 | 25.00 | OK | |||
r-release-windows-x86_64 | 0.1-7 | 2.00 | 42.00 | 44.00 | OK | |
r-oldrel-macos-arm64 | 0.1-7 | 19.00 | OK | |||
r-oldrel-macos-x86_64 | 0.1-7 | 25.00 | OK | |||
r-oldrel-windows-x86_64 | 0.1-7 | 4.00 | 45.00 | 49.00 | OK |
Version: 0.1-7
Check: Rd cross-references
Result: NOTE
Undeclared package ‘RCurl’ in Rd xrefs
Flavor: r-devel-linux-x86_64-fedora-clang