CRAN Package Check Results for Package ViSiElse

Last updated on 2020-09-22 14:05:15 CEST.

Flavor Version Tinstall Tcheck Ttotal Status Flags
r-devel-linux-x86_64-debian-clang 1.2.2 12.11 179.91 192.02 OK
r-devel-linux-x86_64-debian-gcc 1.2.2 12.15 137.58 149.73 OK
r-devel-linux-x86_64-fedora-clang 1.2.2 237.00 NOTE
r-devel-linux-x86_64-fedora-gcc 1.2.2 232.28 NOTE
r-devel-windows-ix86+x86_64 1.2.2 28.00 170.00 198.00 OK
r-patched-linux-x86_64 1.2.2 12.03 172.79 184.82 OK
r-patched-solaris-x86 1.2.2 289.20 NOTE
r-release-linux-x86_64 1.2.2 12.71 174.54 187.25 OK
r-release-macos-x86_64 1.2.2 NOTE
r-release-windows-ix86+x86_64 1.2.2 28.00 212.00 240.00 OK
r-oldrel-macos-x86_64 1.2.2 NOTE
r-oldrel-windows-ix86+x86_64 1.2.2 18.00 184.00 202.00 OK

Check Details

Version: 1.2.2
Check: dependencies in R code
Result: NOTE
    Namespaces in Imports field not imported from:
     ‘ggplot2’ ‘reshape2’
     All declared Imports should be used.
Flavors: r-devel-linux-x86_64-fedora-clang, r-devel-linux-x86_64-fedora-gcc, r-patched-solaris-x86, r-release-macos-x86_64, r-oldrel-macos-x86_64