CRAN Package Check Results for Package VennDiagram

Last updated on 2020-08-10 22:49:48 CEST.

Flavor Version Tinstall Tcheck Ttotal Status Flags
r-devel-linux-x86_64-debian-clang 1.6.20 9.31 55.12 64.43 NOTE
r-devel-linux-x86_64-debian-gcc 1.6.20 5.94 42.88 48.82 NOTE
r-devel-linux-x86_64-fedora-clang 1.6.20 85.10 NOTE
r-devel-linux-x86_64-fedora-gcc 1.6.20 75.70 NOTE
r-devel-windows-ix86+x86_64 1.6.20 15.00 84.00 99.00 OK
r-patched-linux-x86_64 1.6.20 8.69 56.48 65.17 NOTE
r-patched-solaris-x86 1.6.20 103.50 NOTE
r-release-linux-x86_64 1.6.20 8.31 55.62 63.93 NOTE
r-release-macos-x86_64 1.6.20 OK
r-release-windows-ix86+x86_64 1.6.20 17.00 85.00 102.00 OK
r-oldrel-macos-x86_64 1.6.20 OK
r-oldrel-windows-ix86+x86_64 1.6.20 10.00 84.00 94.00 OK

Check Details

Version: 1.6.20
Check: for non-standard things in the check directory
Result: NOTE
    Found the following files/directories:
     'Fig3-1_triple_labels_sub_and_superscripts.tiff'
     'Fig3-2_Euler_3set_simple_with_subscripts.tiff'
     'Pairwise_Venn_diagram.tiff' 'Quad_Venn_diagram.tiff'
     'Quintuple_Venn_diagram.tiff' 'Single_Venn_diagram.tiff'
     'Triple_Venn_diagram.tiff' 'Venn_2set_complex.tiff'
     'Venn_4set_pretty.tiff' 'Venn_5set_pretty.tiff'
Flavors: r-devel-linux-x86_64-debian-clang, r-devel-linux-x86_64-debian-gcc, r-devel-linux-x86_64-fedora-clang, r-devel-linux-x86_64-fedora-gcc, r-patched-linux-x86_64, r-patched-solaris-x86, r-release-linux-x86_64