CRAN Package Check Results for Package VWPre

Last updated on 2022-08-15 21:54:51 CEST.

Flavor Version Tinstall Tcheck Ttotal Status Flags
r-devel-linux-x86_64-debian-clang 1.2.4 13.00 123.93 136.93 OK
r-devel-linux-x86_64-debian-gcc 1.2.4 8.77 88.10 96.87 OK
r-devel-linux-x86_64-fedora-clang 1.2.4 170.05 NOTE
r-devel-linux-x86_64-fedora-gcc 1.2.4 163.16 OK
r-devel-windows-x86_64 1.2.4 26.00 153.00 179.00 OK
r-patched-linux-x86_64 1.2.4 10.01 112.85 122.86 OK
r-release-linux-x86_64 1.2.4 13.16 115.16 128.32 OK
r-release-macos-arm64 1.2.4 56.00 OK
r-release-macos-x86_64 1.2.4 90.00 OK
r-release-windows-x86_64 1.2.4 27.00 155.00 182.00 OK
r-oldrel-macos-arm64 1.2.4 67.00 OK
r-oldrel-macos-x86_64 1.2.4 76.00 OK
r-oldrel-windows-ix86+x86_64 1.2.4 26.00 150.00 176.00 OK

Check Details

Version: 1.2.4
Check: Rd cross-references
Result: NOTE
    Undeclared package ‘tibble’ in Rd xrefs
Flavor: r-devel-linux-x86_64-fedora-clang