CRAN Package Check Results for Package VPdtw

Last updated on 2022-11-27 07:04:35 CET.

Flavor Version Tinstall Tcheck Ttotal Status Flags
r-devel-linux-x86_64-debian-clang 2.1-14 4.26 29.91 34.17 OK
r-devel-linux-x86_64-debian-gcc 2.1-14 3.19 22.79 25.98 OK
r-devel-linux-x86_64-fedora-clang 2.1-14 52.46 NOTE
r-devel-linux-x86_64-fedora-gcc 2.1-14 51.13 OK
r-devel-windows-x86_64 2.1-14 16.00 53.00 69.00 OK
r-patched-linux-x86_64 2.1-14 3.63 28.81 32.44 OK
r-release-linux-x86_64 2.1-14 3.37 28.19 31.56 OK
r-release-macos-arm64 2.1-14 20.00 OK
r-release-macos-x86_64 2.1-14 25.00 OK
r-release-windows-x86_64 2.1-14 17.00 49.00 66.00 OK
r-oldrel-macos-arm64 2.1-14 16.00 OK
r-oldrel-macos-x86_64 2.1-14 29.00 OK
r-oldrel-windows-ix86+x86_64 2.1-14 18.00 54.00 72.00 OK

Check Details

Version: 2.1-14
Check: Rd cross-references
Result: NOTE
    Undeclared package ‘dtw’ in Rd xrefs
Flavor: r-devel-linux-x86_64-fedora-clang