CRAN Package Check Results for Package VHDClassification

Last updated on 2022-10-04 07:50:03 CEST.

Flavor Version Tinstall Tcheck Ttotal Status Flags
r-devel-linux-x86_64-debian-clang 0.3 4.58 92.79 97.37 NOTE
r-devel-linux-x86_64-debian-gcc 0.3 3.78 72.39 76.17 NOTE
r-devel-linux-x86_64-fedora-clang 0.3 130.98 NOTE
r-devel-linux-x86_64-fedora-gcc 0.3 129.12 NOTE
r-devel-windows-x86_64 0.3 38.00 125.00 163.00 NOTE
r-patched-linux-x86_64 0.3 5.06 89.15 94.21 NOTE
r-release-linux-x86_64 0.3 4.17 86.39 90.56 NOTE
r-release-macos-arm64 0.3 40.00 NOTE
r-release-macos-x86_64 0.3 53.00 NOTE
r-release-windows-x86_64 0.3 9.00 116.00 125.00 NOTE
r-oldrel-macos-arm64 0.3 45.00 NOTE
r-oldrel-macos-x86_64 0.3 75.00 NOTE
r-oldrel-windows-ix86+x86_64 0.3 12.00 118.00 130.00 NOTE

Check Details

Version: 0.3
Check: DESCRIPTION meta-information
Result: NOTE
    Malformed Title field: should not end in a period.
Flavors: r-devel-linux-x86_64-debian-clang, r-devel-linux-x86_64-debian-gcc, r-devel-linux-x86_64-fedora-clang, r-devel-linux-x86_64-fedora-gcc, r-devel-windows-x86_64, r-patched-linux-x86_64, r-release-linux-x86_64, r-release-macos-arm64, r-release-macos-x86_64, r-release-windows-x86_64, r-oldrel-macos-arm64, r-oldrel-macos-x86_64, r-oldrel-windows-ix86+x86_64