Last updated on 2023-09-26 13:08:46 CEST.
Flavor | Version | Tinstall | Tcheck | Ttotal | Status | Flags |
---|---|---|---|---|---|---|
r-devel-linux-x86_64-debian-clang | 0.3 | 3.74 | 92.22 | 95.96 | NOTE | |
r-devel-linux-x86_64-debian-gcc | 0.3 | 3.10 | 69.56 | 72.66 | NOTE | |
r-devel-linux-x86_64-fedora-clang | 0.3 | 117.71 | NOTE | |||
r-devel-linux-x86_64-fedora-gcc | 0.3 | 121.85 | NOTE | |||
r-devel-windows-x86_64 | 0.3 | 5.00 | 95.00 | 100.00 | NOTE | |
r-patched-linux-x86_64 | 0.3 | 3.45 | 88.70 | 92.15 | NOTE | |
r-release-linux-x86_64 | 0.3 | 3.19 | 88.14 | 91.33 | NOTE | |
r-release-macos-arm64 | 0.3 | 43.00 | NOTE | |||
r-release-macos-x86_64 | 0.3 | 70.00 | NOTE | |||
r-release-windows-x86_64 | 0.3 | 6.00 | 109.00 | 115.00 | NOTE | |
r-oldrel-macos-arm64 | 0.3 | 40.00 | NOTE | |||
r-oldrel-macos-x86_64 | 0.3 | 53.00 | NOTE | |||
r-oldrel-windows-x86_64 | 0.3 | 8.00 | 111.00 | 119.00 | NOTE |
Version: 0.3
Check: DESCRIPTION meta-information
Result: NOTE
Malformed Title field: should not end in a period.
Flavors: r-devel-linux-x86_64-debian-clang, r-devel-linux-x86_64-debian-gcc, r-devel-linux-x86_64-fedora-clang, r-devel-linux-x86_64-fedora-gcc, r-devel-windows-x86_64, r-patched-linux-x86_64, r-release-linux-x86_64, r-release-macos-arm64, r-release-macos-x86_64, r-release-windows-x86_64, r-oldrel-macos-arm64, r-oldrel-macos-x86_64, r-oldrel-windows-x86_64
Version: 0.3
Check: Rd contents
Result: NOTE
Argument items with no description in Rd object 'learnPartitionWithLLR':
‘type’ ‘procedure’ ‘ql’ ‘qq’ ‘BinaryLearningProcedure’
Argument items with no description in Rd object 'plotClassifRule':
‘object’
Flavors: r-devel-linux-x86_64-debian-clang, r-devel-linux-x86_64-debian-gcc, r-devel-linux-x86_64-fedora-clang, r-devel-linux-x86_64-fedora-gcc, r-devel-windows-x86_64