CRAN Package Check Results for Package VDAP

Last updated on 2022-08-19 00:54:51 CEST.

Flavor Version Tinstall Tcheck Ttotal Status Flags
r-devel-linux-x86_64-debian-clang 2.0.0 13.25 106.91 120.16 NOTE
r-devel-linux-x86_64-debian-gcc 2.0.0 9.14 81.80 90.94 NOTE
r-devel-linux-x86_64-fedora-clang 2.0.0 154.40 NOTE
r-devel-linux-x86_64-fedora-gcc 2.0.0 151.31 NOTE
r-devel-windows-x86_64 2.0.0 21.00 128.00 149.00 NOTE
r-patched-linux-x86_64 2.0.0 12.64 101.76 114.40 NOTE
r-release-linux-x86_64 2.0.0 NOTE
r-release-macos-arm64 2.0.0 40.00 NOTE
r-release-macos-x86_64 2.0.0 76.00 NOTE
r-release-windows-x86_64 2.0.0 20.00 127.00 147.00 NOTE
r-oldrel-macos-arm64 2.0.0 43.00 NOTE
r-oldrel-macos-x86_64 2.0.0 91.00 NOTE
r-oldrel-windows-ix86+x86_64 2.0.0 28.00 125.00 153.00 NOTE

Check Details

Version: 2.0.0
Check: LazyData
Result: NOTE
     'LazyData' is specified without a 'data' directory
Flavors: r-devel-linux-x86_64-debian-clang, r-devel-linux-x86_64-debian-gcc, r-devel-linux-x86_64-fedora-clang, r-devel-linux-x86_64-fedora-gcc, r-devel-windows-x86_64, r-patched-linux-x86_64, r-release-linux-x86_64, r-release-macos-arm64, r-release-macos-x86_64, r-release-windows-x86_64, r-oldrel-macos-arm64, r-oldrel-macos-x86_64, r-oldrel-windows-ix86+x86_64