CRAN Package Check Results for Package VARMER

Last updated on 2022-10-02 06:52:25 CEST.

Flavor Version Tinstall Tcheck Ttotal Status Flags
r-devel-linux-x86_64-debian-clang 1.0.0 30.49 309.65 340.14 NOTE
r-devel-linux-x86_64-debian-gcc 1.0.0 27.03 229.50 256.53 NOTE
r-devel-linux-x86_64-fedora-clang 1.0.0 430.86 NOTE
r-devel-linux-x86_64-fedora-gcc 1.0.0 432.11 NOTE
r-devel-windows-x86_64 1.0.0 38.00 319.00 357.00 NOTE
r-patched-linux-x86_64 1.0.0 33.62 294.89 328.51 OK
r-release-linux-x86_64 1.0.0 20.98 298.48 319.46 OK
r-release-macos-arm64 1.0.0 70.00 OK
r-release-macos-x86_64 1.0.0 159.00 OK
r-release-windows-x86_64 1.0.0 39.00 293.00 332.00 OK
r-oldrel-macos-arm64 1.0.0 56.00 OK
r-oldrel-macos-x86_64 1.0.0 92.00 OK
r-oldrel-windows-ix86+x86_64 1.0.0 65.00 328.00 393.00 OK

Check Details

Version: 1.0.0
Check: package subdirectories
Result: NOTE
    Problems with news in 'NEWS.md':
    No news entries found.
Flavors: r-devel-linux-x86_64-debian-clang, r-devel-linux-x86_64-debian-gcc, r-devel-linux-x86_64-fedora-clang, r-devel-linux-x86_64-fedora-gcc, r-devel-windows-x86_64