CRAN Package Check Results for Package UsingR

Last updated on 2022-08-12 00:50:02 CEST.

Flavor Version Tinstall Tcheck Ttotal Status Flags
r-devel-linux-x86_64-debian-clang 2.0-7 14.75 135.22 149.97 NOTE
r-devel-linux-x86_64-debian-gcc 2.0-7 12.99 101.07 114.06 NOTE
r-devel-linux-x86_64-fedora-clang 2.0-7 185.00 NOTE
r-devel-linux-x86_64-fedora-gcc 2.0-7 182.89 NOTE
r-devel-windows-x86_64 2.0-7 62.00 204.00 266.00 NOTE
r-patched-linux-x86_64 2.0-7 13.15 125.75 138.90 OK
r-release-linux-x86_64 2.0-7 14.61 126.17 140.78 OK
r-release-macos-arm64 2.0-7 49.00 OK
r-release-macos-x86_64 2.0-7 84.00 OK
r-release-windows-x86_64 2.0-7 86.00 201.00 287.00 OK
r-oldrel-macos-arm64 2.0-7 50.00 OK
r-oldrel-macos-x86_64 2.0-7 70.00 OK
r-oldrel-windows-ix86+x86_64 2.0-7 38.00 183.00 221.00 OK

Check Details

Version: 2.0-7
Check: Rd files
Result: NOTE
    checkRd: (-1) aosat.Rd:20: Escaped LaTeX specials: \_ \_ \_
    checkRd: (-1) aosat.Rd:21: Escaped LaTeX specials: \_
    checkRd: (-1) arctic.oscillations.Rd:19: Escaped LaTeX specials: \_ \_ \_
    checkRd: (-1) arctic.oscillations.Rd:20: Escaped LaTeX specials: \_
    checkRd: (-1) babies.Rd:28: Escaped LaTeX specials: \&
    checkRd: (-1) babies.Rd:41: Escaped LaTeX specials: \$
    checkRd: (-1) cabinet.Rd:25: Escaped LaTeX specials: \$
    checkRd: (-1) cabinet.Rd:43: Escaped LaTeX specials: \$
    checkRd: (-1) cabinet.Rd:48: Escaped LaTeX specials: \$
    checkRd: (-1) exec.pay.Rd:5: Escaped LaTeX specials: \$
    checkRd: (-1) sp500.excess.Rd:4: Escaped LaTeX specials: \&
    checkRd: (-1) sp500.excess.Rd:6: Escaped LaTeX specials: \&
Flavors: r-devel-linux-x86_64-debian-clang, r-devel-linux-x86_64-debian-gcc, r-devel-linux-x86_64-fedora-clang, r-devel-linux-x86_64-fedora-gcc, r-devel-windows-x86_64