CRAN Package Check Results for Package USgrid

Last updated on 2024-05-18 07:09:58 CEST.

Flavor Version Tinstall Tcheck Ttotal Status Flags
r-devel-linux-x86_64-debian-clang 0.1.2 4.00 30.60 34.60 OK
r-devel-linux-x86_64-debian-gcc 0.1.2 3.10 25.38 28.48 OK
r-devel-linux-x86_64-fedora-clang 0.1.2 45.56 NOTE
r-devel-linux-x86_64-fedora-gcc 0.1.2 52.05 NOTE
r-devel-windows-x86_64 0.1.2 4.00 51.00 55.00 OK
r-patched-linux-x86_64 0.1.2 3.40 32.17 35.57 OK
r-release-linux-x86_64 0.1.2 4.09 31.58 35.67 OK
r-release-macos-arm64 0.1.2 21.00 OK
r-release-windows-x86_64 0.1.2 5.00 52.00 57.00 OK
r-oldrel-macos-arm64 0.1.2 21.00 OK
r-oldrel-macos-x86_64 0.1.2 27.00 OK
r-oldrel-windows-x86_64 0.1.2 6.00 57.00 63.00 OK

Check Details

Version: 0.1.2
Check: dependencies in R code
Result: NOTE Namespace in Imports field not imported from: ‘tsibble’ All declared Imports should be used. Flavors: r-devel-linux-x86_64-fedora-clang, r-devel-linux-x86_64-fedora-gcc