CRAN Package Check Results for Package USgrid

Last updated on 2020-06-01 13:49:53 CEST.

Flavor Version Tinstall Tcheck Ttotal Status Flags
r-devel-linux-x86_64-debian-clang 0.1.0 3.32 29.29 32.61 OK
r-devel-linux-x86_64-debian-gcc 0.1.0 3.03 23.26 26.29 OK
r-devel-linux-x86_64-fedora-clang 0.1.0 47.34 NOTE
r-devel-linux-x86_64-fedora-gcc 0.1.0 37.22 NOTE
r-devel-windows-ix86+x86_64 0.1.0 9.00 62.00 71.00 OK
r-patched-linux-x86_64 0.1.0 3.38 28.06 31.44 OK
r-patched-solaris-x86 0.1.0 58.00 NOTE
r-release-linux-x86_64 0.1.0 3.65 27.97 31.62 OK
r-release-osx-x86_64 0.1.0 NOTE
r-release-windows-ix86+x86_64 0.1.0 8.00 49.00 57.00 OK
r-oldrel-osx-x86_64 0.1.0 NOTE
r-oldrel-windows-ix86+x86_64 0.1.0 7.00 46.00 53.00 OK

Check Details

Version: 0.1.0
Check: dependencies in R code
Result: NOTE
    Namespace in Imports field not imported from: ‘tsibble’
     All declared Imports should be used.
Flavors: r-devel-linux-x86_64-fedora-clang, r-devel-linux-x86_64-fedora-gcc, r-patched-solaris-x86, r-release-osx-x86_64, r-oldrel-osx-x86_64