CRAN Package Check Results for Package UPCM

Last updated on 2022-09-29 21:49:22 CEST.

Flavor Version Tinstall Tcheck Ttotal Status Flags
r-devel-linux-x86_64-debian-clang 0.0-3 67.16 82.18 149.34 OK
r-devel-linux-x86_64-debian-gcc 0.0-3 39.06 62.99 102.05 OK
r-devel-linux-x86_64-fedora-clang 0.0-3 198.53 OK
r-devel-linux-x86_64-fedora-gcc 0.0-3 184.80 OK
r-devel-windows-x86_64 0.0-3 43.00 124.00 167.00 OK
r-patched-linux-x86_64 0.0-3 49.64 77.08 126.72 OK
r-release-linux-x86_64 0.0-3 48.30 76.79 125.09 OK
r-release-macos-arm64 0.0-3 52.00 NOTE
r-release-macos-x86_64 0.0-3 65.00 NOTE
r-release-windows-x86_64 0.0-3 46.00 129.00 175.00 OK
r-oldrel-macos-arm64 0.0-3 56.00 NOTE
r-oldrel-macos-x86_64 0.0-3 92.00 NOTE
r-oldrel-windows-ix86+x86_64 0.0-3 127.00 143.00 270.00 OK

Check Details

Version: 0.0-3
Check: installed package size
Result: NOTE
     installed size is 5.3Mb
     sub-directories of 1Mb or more:
     libs 5.2Mb
Flavors: r-release-macos-arm64, r-release-macos-x86_64, r-oldrel-macos-arm64, r-oldrel-macos-x86_64