Last updated on 2023-12-08 12:52:34 CET.
Flavor | Version | Tinstall | Tcheck | Ttotal | Status | Flags |
---|---|---|---|---|---|---|
r-devel-linux-x86_64-debian-clang | 1.1.10 | 14.94 | 96.04 | 110.98 | OK | |
r-devel-linux-x86_64-debian-gcc | 1.1.10 | 11.70 | 72.49 | 84.19 | OK | |
r-devel-linux-x86_64-fedora-clang | 1.1.10 | 135.38 | NOTE | |||
r-devel-linux-x86_64-fedora-gcc | 1.1.10 | 144.75 | OK | |||
r-devel-windows-x86_64 | 1.1.10 | 18.00 | 108.00 | 126.00 | NOTE | |
r-patched-linux-x86_64 | 1.1.10 | 13.09 | 102.74 | 115.83 | OK | |
r-release-linux-x86_64 | 1.1.10 | 11.31 | 103.02 | 114.33 | OK | |
r-release-macos-arm64 | 1.1.10 | 59.00 | NOTE | |||
r-release-macos-x86_64 | 1.1.10 | 85.00 | NOTE | |||
r-release-windows-x86_64 | 1.1.10 | 22.00 | 132.00 | 154.00 | NOTE | |
r-oldrel-macos-arm64 | 1.1.10 | 38.00 | NOTE | |||
r-oldrel-macos-x86_64 | 1.1.10 | 72.00 | NOTE | |||
r-oldrel-windows-x86_64 | 1.1.10 | 22.00 | 131.00 | 153.00 | NOTE |
Version: 1.1.10
Check: installed package size
Result: NOTE
installed size is 6.9Mb
sub-directories of 1Mb or more:
doc 1.4Mb
shinyapp 3.5Mb
Flavors: r-devel-linux-x86_64-fedora-clang, r-devel-windows-x86_64, r-release-macos-arm64, r-release-macos-x86_64, r-release-windows-x86_64, r-oldrel-macos-arm64, r-oldrel-macos-x86_64, r-oldrel-windows-x86_64