CRAN Package Check Results for Package TwitterAutomatedTrading

Last updated on 2022-09-28 06:54:22 CEST.

Flavor Version Tinstall Tcheck Ttotal Status Flags
r-devel-linux-x86_64-debian-clang 0.1.0 13.04 116.05 129.09 OK
r-devel-linux-x86_64-debian-gcc 0.1.0 10.72 88.01 98.73 OK
r-devel-linux-x86_64-fedora-clang 0.1.0 172.06 NOTE
r-devel-linux-x86_64-fedora-gcc 0.1.0 165.51 NOTE
r-devel-windows-x86_64 0.1.0 66.00 139.00 205.00 OK
r-patched-linux-x86_64 0.1.0 13.05 107.28 120.33 OK
r-release-linux-x86_64 0.1.0 13.26 110.35 123.61 OK
r-release-macos-arm64 0.1.0 43.00 NOTE
r-release-macos-x86_64 0.1.0 82.00 NOTE
r-release-windows-x86_64 0.1.0 72.00 137.00 209.00 OK
r-oldrel-macos-arm64 0.1.0 47.00 NOTE
r-oldrel-macos-x86_64 0.1.0 63.00 NOTE
r-oldrel-windows-ix86+x86_64 0.1.0 28.00 135.00 163.00 OK

Check Details

Version: 0.1.0
Check: data for non-ASCII characters
Result: NOTE
     Note: found 34 marked Latin-1 strings
Flavors: r-devel-linux-x86_64-fedora-clang, r-devel-linux-x86_64-fedora-gcc, r-release-macos-arm64, r-release-macos-x86_64, r-oldrel-macos-arm64, r-oldrel-macos-x86_64