CRAN Package Check Results for Package TropFishR

Last updated on 2022-08-15 01:51:06 CEST.

Flavor Version Tinstall Tcheck Ttotal Status Flags
r-devel-linux-x86_64-debian-clang 1.6.3 16.57 142.78 159.35 NOTE --no-vignettes
r-devel-linux-x86_64-debian-gcc 1.6.3 17.13 104.19 121.32 NOTE --no-vignettes
r-devel-linux-x86_64-fedora-clang 1.6.3 946.60 OK
r-devel-linux-x86_64-fedora-gcc 1.6.3 954.05 NOTE
r-devel-windows-x86_64 1.6.3 62.00 176.00 238.00 OK --no-vignettes
r-patched-linux-x86_64 1.6.3 21.60 131.48 153.08 OK --no-vignettes
r-release-linux-x86_64 1.6.3 21.07 130.49 151.56 OK --no-vignettes
r-release-macos-arm64 1.6.3 312.00 OK
r-release-macos-x86_64 1.6.3 414.00 OK
r-release-windows-x86_64 1.6.3 59.00 189.00 248.00 OK --no-vignettes
r-oldrel-macos-arm64 1.6.3 284.00 OK
r-oldrel-macos-x86_64 1.6.3 402.00 OK
r-oldrel-windows-ix86+x86_64 1.6.3 36.00 167.00 203.00 OK --no-vignettes

Additional issues

donttest

Check Details

Version: 1.6.3
Flags: --no-vignettes
Check: HTML version of manual
Result: NOTE
    Found the following HTML validation problems:
    ypr_sel.html:113:1: Warning: trimming empty <li>
    ypr_sel.html:112:1: Warning: trimming empty <ul>
Flavors: r-devel-linux-x86_64-debian-clang, r-devel-linux-x86_64-debian-gcc

Version: 1.6.3
Check: HTML version of manual
Result: NOTE
    Found the following HTML validation problems:
    ypr_sel.html:113:1: Warning: trimming empty <li>
    ypr_sel.html:112:1: Warning: trimming empty <ul>
Flavor: r-devel-linux-x86_64-fedora-gcc