CRAN Package Check Results for Package TextForecast

Last updated on 2020-09-22 14:05:13 CEST.

Flavor Version Tinstall Tcheck Ttotal Status Flags
r-devel-linux-x86_64-debian-clang 0.1.2 12.60 109.79 122.39 OK
r-devel-linux-x86_64-debian-gcc 0.1.2 9.25 83.79 93.04 OK
r-devel-linux-x86_64-fedora-clang 0.1.2 168.97 NOTE
r-devel-linux-x86_64-fedora-gcc 0.1.2 161.68 NOTE
r-devel-windows-ix86+x86_64 0.1.2 29.00 114.00 143.00 OK
r-patched-linux-x86_64 0.1.2 11.41 104.99 116.40 OK
r-patched-solaris-x86 0.1.2 244.70 NOTE
r-release-linux-x86_64 0.1.2 12.64 104.89 117.53 OK
r-release-macos-x86_64 0.1.2 NOTE
r-release-windows-ix86+x86_64 0.1.2 28.00 142.00 170.00 OK
r-oldrel-macos-x86_64 0.1.2 NOTE
r-oldrel-windows-ix86+x86_64 0.1.2 18.00 94.00 112.00 OK

Check Details

Version: 0.1.2
Check: dependencies in R code
Result: NOTE
    Namespaces in Imports field not imported from:
     ‘doParallel’ ‘parallel’ ‘tidyr’
     All declared Imports should be used.
Flavors: r-devel-linux-x86_64-fedora-clang, r-devel-linux-x86_64-fedora-gcc, r-patched-solaris-x86, r-release-macos-x86_64, r-oldrel-macos-x86_64

Version: 0.1.2
Check: data for non-ASCII characters
Result: NOTE
     Note: found 40 marked UTF-8 strings
Flavors: r-devel-linux-x86_64-fedora-clang, r-devel-linux-x86_64-fedora-gcc, r-patched-solaris-x86, r-release-macos-x86_64, r-oldrel-macos-x86_64