Last updated on 2023-01-30 00:31:26 CET.
Flavor | Version | Tinstall | Tcheck | Ttotal | Status | Flags |
---|---|---|---|---|---|---|
r-devel-linux-x86_64-debian-clang | 1.2.3 | 29.67 | 64.96 | 94.63 | OK | |
r-devel-linux-x86_64-debian-gcc | 1.2.3 | 24.63 | 50.95 | 75.58 | NOTE | |
r-devel-linux-x86_64-fedora-clang | 1.2.3 | 128.16 | OK | |||
r-devel-linux-x86_64-fedora-gcc | 1.2.3 | 132.76 | NOTE | |||
r-devel-windows-x86_64 | 1.2.3 | 137.00 | 178.00 | 315.00 | NOTE | |
r-patched-linux-x86_64 | 1.2.3 | 25.08 | 59.42 | 84.50 | OK | |
r-release-linux-x86_64 | 1.2.3 | 22.86 | 57.96 | 80.82 | OK | |
r-release-macos-arm64 | 1.2.3 | 44.00 | OK | |||
r-release-macos-x86_64 | 1.2.3 | 51.00 | OK | |||
r-release-windows-x86_64 | 1.2.3 | 66.00 | 284.00 | 350.00 | OK | |
r-oldrel-macos-arm64 | 1.2.3 | 49.00 | OK | |||
r-oldrel-macos-x86_64 | 1.2.3 | 68.00 | OK | |||
r-oldrel-windows-ix86+x86_64 | 1.2.3 | 68.00 | 214.00 | 282.00 | OK |
Version: 1.2.3
Check: C++ specification
Result: NOTE
Specified C++11: please update to current default of C++17
Flavors: r-devel-linux-x86_64-debian-gcc, r-devel-linux-x86_64-fedora-gcc, r-devel-windows-x86_64