Last updated on 2023-02-01 00:52:51 CET.
Flavor | Version | Tinstall | Tcheck | Ttotal | Status | Flags |
---|---|---|---|---|---|---|
r-devel-linux-x86_64-debian-clang | 1.1.1 | 9.49 | 72.35 | 81.84 | OK | |
r-devel-linux-x86_64-debian-gcc | 1.1.1 | 9.07 | 57.40 | 66.47 | OK | |
r-devel-linux-x86_64-fedora-clang | 1.1.1 | 104.10 | NOTE | |||
r-devel-linux-x86_64-fedora-gcc | 1.1.1 | 100.90 | NOTE | |||
r-devel-windows-x86_64 | 1.1.1 | 25.00 | 113.00 | 138.00 | OK | |
r-patched-linux-x86_64 | 1.1.1 | 10.72 | 72.34 | 83.06 | OK | |
r-release-linux-x86_64 | 1.1.1 | 9.95 | 69.85 | 79.80 | OK | |
r-release-macos-arm64 | 1.1.1 | 39.00 | NOTE | |||
r-release-macos-x86_64 | 1.1.1 | 51.00 | NOTE | |||
r-release-windows-x86_64 | 1.1.1 | 29.00 | 265.00 | 294.00 | OK | |
r-oldrel-macos-arm64 | 1.1.1 | 39.00 | NOTE | |||
r-oldrel-macos-x86_64 | 1.1.1 | 54.00 | NOTE | |||
r-oldrel-windows-ix86+x86_64 | 1.1.1 | 16.00 | 261.00 | 277.00 | OK |
Version: 1.1.1
Check: dependencies in R code
Result: NOTE
Namespace in Imports field not imported from: ‘utils’
All declared Imports should be used.
Flavors: r-devel-linux-x86_64-fedora-clang, r-devel-linux-x86_64-fedora-gcc, r-release-macos-arm64, r-release-macos-x86_64, r-oldrel-macos-arm64, r-oldrel-macos-x86_64