CRAN Package Check Results for Package TensorClustering

Last updated on 2022-09-28 00:52:56 CEST.

Flavor Version Tinstall Tcheck Ttotal Status Flags
r-devel-linux-x86_64-debian-clang 1.0.2 8.00 49.26 57.26 OK
r-devel-linux-x86_64-debian-gcc 1.0.2 5.60 37.30 42.90 OK
r-devel-linux-x86_64-fedora-clang 1.0.2 81.48 NOTE
r-devel-linux-x86_64-fedora-gcc 1.0.2 80.48 NOTE
r-devel-windows-x86_64 1.0.2 29.00 80.00 109.00 OK
r-patched-linux-x86_64 1.0.2 5.87 46.09 51.96 OK
r-release-linux-x86_64 1.0.2 7.40 46.61 54.01 OK
r-release-macos-arm64 1.0.2 26.00 NOTE
r-release-macos-x86_64 1.0.2 32.00 NOTE
r-release-windows-x86_64 1.0.2 31.00 79.00 110.00 OK
r-oldrel-macos-arm64 1.0.2 29.00 NOTE
r-oldrel-macos-x86_64 1.0.2 32.00 NOTE
r-oldrel-windows-ix86+x86_64 1.0.2 18.00 100.00 118.00 OK

Check Details

Version: 1.0.2
Check: dependencies in R code
Result: NOTE
    Namespace in Imports field not imported from: ‘Rcpp’
     All declared Imports should be used.
Flavors: r-devel-linux-x86_64-fedora-clang, r-devel-linux-x86_64-fedora-gcc, r-release-macos-arm64, r-release-macos-x86_64, r-oldrel-macos-arm64, r-oldrel-macos-x86_64