CRAN Package Check Results for Package TensorClustering

Last updated on 2023-10-02 19:11:23 CEST.

Flavor Version Tinstall Tcheck Ttotal Status Flags
r-devel-linux-x86_64-debian-clang 1.0.2 6.25 47.90 54.15 OK
r-devel-linux-x86_64-debian-gcc 1.0.2 5.78 36.46 42.24 OK
r-devel-linux-x86_64-fedora-clang 1.0.2 70.97 NOTE
r-devel-linux-x86_64-fedora-gcc 1.0.2 65.97 NOTE
r-devel-windows-x86_64 1.0.2 10.00 60.00 70.00 OK
r-patched-linux-x86_64 1.0.2 8.14 46.78 54.92 OK
r-release-linux-x86_64 1.0.2 8.16 47.02 55.18 OK
r-release-macos-arm64 1.0.2 25.00 OK
r-release-macos-x86_64 1.0.2 38.00 OK
r-release-windows-x86_64 1.0.2 12.00 66.00 78.00 OK
r-oldrel-macos-arm64 1.0.2 26.00 NOTE
r-oldrel-macos-x86_64 1.0.2 32.00 NOTE
r-oldrel-windows-x86_64 1.0.2 10.00 69.00 79.00 OK

Check Details

Version: 1.0.2
Check: dependencies in R code
Result: NOTE
    Namespace in Imports field not imported from: ‘Rcpp’
     All declared Imports should be used.
Flavors: r-devel-linux-x86_64-fedora-clang, r-devel-linux-x86_64-fedora-gcc, r-oldrel-macos-arm64, r-oldrel-macos-x86_64