Last updated on 2022-05-18 00:53:26 CEST.
Flavor | Version | Tinstall | Tcheck | Ttotal | Status | Flags |
---|---|---|---|---|---|---|
r-devel-linux-x86_64-debian-clang | 2.12 | 13.36 | 11.96 | 25.32 | FAIL | |
r-devel-linux-x86_64-debian-gcc | 2.12 | 10.37 | 76.17 | 86.54 | NOTE | |
r-devel-linux-x86_64-fedora-clang | 2.12 | 136.46 | NOTE | |||
r-devel-linux-x86_64-fedora-gcc | 2.12 | 136.50 | NOTE | |||
r-devel-windows-x86_64 | 2.12 | 352.00 | 183.00 | 535.00 | OK | |
r-patched-linux-x86_64 | 2.12 | 15.03 | 94.52 | 109.55 | NOTE | |
r-release-linux-x86_64 | 2.12 | 15.51 | 97.74 | 113.25 | NOTE | |
r-release-macos-arm64 | 2.12 | 34.00 | NOTE | |||
r-release-macos-x86_64 | 2.12 | 52.00 | NOTE | |||
r-release-windows-x86_64 | 2.12 | 345.00 | 124.00 | 469.00 | OK | |
r-oldrel-macos-arm64 | 2.12 | 44.00 | NOTE | |||
r-oldrel-macos-x86_64 | 2.12 | 81.00 | NOTE | |||
r-oldrel-windows-ix86+x86_64 | 2.12 | 24.00 | 113.00 | 137.00 | OK |
Version: 2.12
Check: package dependencies
Result: FAIL
Flavor: r-devel-linux-x86_64-debian-clang
Version: 2.12
Check: package dependencies
Result: NOTE
Package suggested but not available for checking: ‘R2wd’
Flavors: r-devel-linux-x86_64-debian-gcc, r-devel-linux-x86_64-fedora-clang, r-devel-linux-x86_64-fedora-gcc, r-patched-linux-x86_64, r-release-linux-x86_64, r-release-macos-arm64, r-release-macos-x86_64, r-oldrel-macos-arm64, r-oldrel-macos-x86_64