CRAN Package Check Results for Package TTCA

Last updated on 2020-09-22 14:05:14 CEST.

Flavor Version Tinstall Tcheck Ttotal Status Flags
r-devel-linux-x86_64-debian-clang 0.1.1 13.65 85.00 98.65 OK
r-devel-linux-x86_64-debian-gcc 0.1.1 11.00 66.50 77.50 OK
r-devel-linux-x86_64-fedora-clang 0.1.1 137.10 OK
r-devel-linux-x86_64-fedora-gcc 0.1.1 126.06 OK
r-devel-windows-ix86+x86_64 0.1.1 26.00 89.00 115.00 OK
r-patched-linux-x86_64 0.1.1 11.64 85.27 96.91 OK
r-patched-solaris-x86 0.1.1 182.30 OK
r-release-linux-x86_64 0.1.1 13.70 85.51 99.21 OK
r-release-macos-x86_64 0.1.1 OK
r-release-windows-ix86+x86_64 0.1.1 28.00 110.00 138.00 OK
r-oldrel-macos-x86_64 0.1.1 FAIL
r-oldrel-windows-ix86+x86_64 0.1.1 15.00 98.00 113.00 OK

Check Details

Version: 0.1.1
Check: whether package can be installed
Result: FAIL
Flavor: r-oldrel-macos-x86_64