CRAN Package Check Results for Package TSclust

Last updated on 2020-10-25 22:48:29 CET.

Flavor Version Tinstall Tcheck Ttotal Status Flags
r-devel-linux-x86_64-debian-clang 1.3.1 14.28 107.61 121.89 OK
r-devel-linux-x86_64-debian-gcc 1.3.1 10.53 80.89 91.42 OK
r-devel-linux-x86_64-fedora-clang 1.3.1 152.27 NOTE
r-devel-linux-x86_64-fedora-gcc 1.3.1 143.61 OK
r-devel-windows-ix86+x86_64 1.3.1 25.00 122.00 147.00 OK
r-patched-linux-x86_64 1.3.1 13.53 99.41 112.94 OK
r-patched-solaris-x86 1.3.1 208.10 OK
r-release-linux-x86_64 1.3.1 13.07 99.65 112.72 OK
r-release-macos-x86_64 1.3.1 OK
r-release-windows-ix86+x86_64 1.3.1 19.00 95.00 114.00 OK
r-oldrel-macos-x86_64 1.3.1 WARN
r-oldrel-windows-ix86+x86_64 1.3.1 23.00 87.00 110.00 OK

Check Details

Version: 1.3.1
Check: Rd cross-references
Result: NOTE
    Undeclared packages ‘fpc’, ‘clValid’, ‘clv’ in Rd xrefs
Flavor: r-devel-linux-x86_64-fedora-clang

Version: 1.3.1
Check: whether package can be installed
Result: WARN
    Found the following significant warnings:
     Warning: 'rgl.init' failed, running with 'rgl.useNULL = TRUE'.
Flavor: r-oldrel-macos-x86_64