CRAN Package Check Results for Package TSclust

Last updated on 2022-09-27 19:12:13 CEST.

Flavor Version Tinstall Tcheck Ttotal Status Flags
r-devel-linux-x86_64-debian-clang 1.3.1 12.33 121.36 133.69 OK
r-devel-linux-x86_64-debian-gcc 1.3.1 10.37 90.60 100.97 OK
r-devel-linux-x86_64-fedora-clang 1.3.1 181.38 NOTE
r-devel-linux-x86_64-fedora-gcc 1.3.1 176.55 OK
r-devel-windows-x86_64 1.3.1 29.00 280.00 309.00 OK
r-patched-linux-x86_64 1.3.1 20.00 126.30 146.30 OK
r-release-linux-x86_64 1.3.1 15.09 128.43 143.52 OK
r-release-macos-arm64 1.3.1 81.00 OK
r-release-macos-x86_64 1.3.1 145.00 OK
r-release-windows-x86_64 1.3.1 33.00 152.00 185.00 OK
r-oldrel-macos-arm64 1.3.1 128.00 OK
r-oldrel-macos-x86_64 1.3.1 120.00 OK
r-oldrel-windows-ix86+x86_64 1.3.1 31.00 138.00 169.00 OK

Check Details

Version: 1.3.1
Check: Rd cross-references
Result: NOTE
    Undeclared packages ‘fpc’, ‘clValid’, ‘clv’ in Rd xrefs
Flavor: r-devel-linux-x86_64-fedora-clang