CRAN Package Check Results for Package TSMSN

Last updated on 2022-09-29 00:53:04 CEST.

Flavor Version Tinstall Tcheck Ttotal Status Flags
r-devel-linux-x86_64-debian-clang 0.0.1 2.57 29.24 31.81 NOTE
r-devel-linux-x86_64-debian-gcc 0.0.1 2.85 23.04 25.89 NOTE
r-devel-linux-x86_64-fedora-clang 0.0.1 52.72 NOTE
r-devel-linux-x86_64-fedora-gcc 0.0.1 50.70 NOTE
r-devel-windows-x86_64 0.0.1 9.00 172.00 181.00 NOTE
r-patched-linux-x86_64 0.0.1 2.73 30.30 33.03 NOTE
r-release-linux-x86_64 0.0.1 3.70 29.67 33.37 NOTE
r-release-macos-arm64 0.0.1 16.00 NOTE
r-release-macos-x86_64 0.0.1 25.00 NOTE
r-release-windows-x86_64 0.0.1 8.00 64.00 72.00 NOTE
r-oldrel-macos-arm64 0.0.1 22.00 NOTE
r-oldrel-macos-x86_64 0.0.1 25.00 NOTE
r-oldrel-windows-ix86+x86_64 0.0.1 7.00 54.00 61.00 NOTE

Check Details

Version: 0.0.1
Check: LazyData
Result: NOTE
     'LazyData' is specified without a 'data' directory
Flavors: r-devel-linux-x86_64-debian-clang, r-devel-linux-x86_64-debian-gcc, r-devel-linux-x86_64-fedora-clang, r-devel-linux-x86_64-fedora-gcc, r-devel-windows-x86_64, r-patched-linux-x86_64, r-release-linux-x86_64, r-release-macos-arm64, r-release-macos-x86_64, r-release-windows-x86_64, r-oldrel-macos-arm64, r-oldrel-macos-x86_64, r-oldrel-windows-ix86+x86_64