CRAN Package Check Results for Package TSDFGS

Last updated on 2020-10-26 13:47:12 CET.

Flavor Version Tinstall Tcheck Ttotal Status Flags
r-devel-linux-x86_64-debian-clang 1.0 34.31 29.95 64.26 OK
r-devel-linux-x86_64-debian-gcc 1.0 26.40 24.21 50.61 OK
r-devel-linux-x86_64-fedora-clang 1.0 97.75 NOTE
r-devel-linux-x86_64-fedora-gcc 1.0 83.23 OK
r-devel-windows-ix86+x86_64 1.0 77.00 72.00 149.00 OK
r-patched-linux-x86_64 1.0 30.25 29.36 59.61 OK
r-patched-solaris-x86 1.0 88.90 OK
r-release-linux-x86_64 1.0 30.75 28.93 59.68 OK
r-release-macos-x86_64 1.0 NOTE
r-release-windows-ix86+x86_64 1.0 60.00 59.00 119.00 OK
r-oldrel-macos-x86_64 1.0 NOTE
r-oldrel-windows-ix86+x86_64 1.0 65.00 51.00 116.00 OK

Check Details

Version: 1.0
Check: installed package size
Result: NOTE
     installed size is 9.0Mb
     sub-directories of 1Mb or more:
     data 1.2Mb
     libs 7.7Mb
Flavors: r-devel-linux-x86_64-fedora-clang, r-release-macos-x86_64, r-oldrel-macos-x86_64

Version: 1.0
Check: Rd cross-references
Result: NOTE
    Undeclared package ‘STPGA’ in Rd xrefs
Flavor: r-devel-linux-x86_64-fedora-clang