CRAN Package Check Results for Package TREXr

Last updated on 2022-08-18 18:50:15 CEST.

Flavor Version Tinstall Tcheck Ttotal Status Flags
r-devel-linux-x86_64-debian-clang 1.0.0 16.45 70.68 87.13 OK
r-devel-linux-x86_64-debian-gcc 1.0.0 13.37 53.27 66.64 OK
r-devel-linux-x86_64-fedora-clang 1.0.0 120.24 NOTE
r-devel-linux-x86_64-fedora-gcc 1.0.0 121.20 NOTE
r-devel-windows-x86_64 1.0.0 24.00 92.00 116.00 OK
r-patched-linux-x86_64 1.0.0 15.77 66.21 81.98 OK
r-release-linux-x86_64 1.0.0 OK
r-release-macos-arm64 1.0.0 29.00 NOTE
r-release-macos-x86_64 1.0.0 52.00 NOTE
r-release-windows-x86_64 1.0.0 22.00 114.00 136.00 OK
r-oldrel-macos-arm64 1.0.0 35.00 NOTE
r-oldrel-macos-x86_64 1.0.0 46.00 NOTE
r-oldrel-windows-ix86+x86_64 1.0.0 26.00 213.00 239.00 OK

Check Details

Version: 1.0.0
Check: dependencies in R code
Result: NOTE
    Namespaces in Imports field not imported from:
     ‘boot’ ‘chron’ ‘randtoolbox’
     All declared Imports should be used.
Flavors: r-devel-linux-x86_64-fedora-clang, r-devel-linux-x86_64-fedora-gcc, r-release-macos-arm64, r-release-macos-x86_64, r-oldrel-macos-arm64, r-oldrel-macos-x86_64