CRAN Package Check Results for Package TGST

Last updated on 2022-08-16 12:53:14 CEST.

Flavor Version Tinstall Tcheck Ttotal Status Flags
r-devel-linux-x86_64-debian-clang 1.0 6.83 81.12 87.95 OK
r-devel-linux-x86_64-debian-gcc 1.0 5.18 59.65 64.83 OK
r-devel-linux-x86_64-fedora-clang 1.0 119.35 NOTE
r-devel-linux-x86_64-fedora-gcc 1.0 109.14 NOTE
r-devel-windows-x86_64 1.0 16.00 125.00 141.00 OK
r-patched-linux-x86_64 1.0 6.12 76.41 82.53 OK
r-release-linux-x86_64 1.0 5.16 74.19 79.35 OK
r-release-macos-arm64 1.0 34.00 NOTE
r-release-macos-x86_64 1.0 69.00 NOTE
r-release-windows-x86_64 1.0 13.00 119.00 132.00 OK
r-oldrel-macos-arm64 1.0 40.00 NOTE
r-oldrel-macos-x86_64 1.0 70.00 NOTE
r-oldrel-windows-ix86+x86_64 1.0 17.00 122.00 139.00 OK

Check Details

Version: 1.0
Check: dependencies in R code
Result: NOTE
    Namespace in Imports field not imported from: ‘knitr’
     All declared Imports should be used.
Flavors: r-devel-linux-x86_64-fedora-clang, r-devel-linux-x86_64-fedora-gcc, r-release-macos-arm64, r-release-macos-x86_64, r-oldrel-macos-arm64, r-oldrel-macos-x86_64